{"id":792,"date":"2019-11-13T17:23:19","date_gmt":"2019-11-13T17:23:19","guid":{"rendered":"http:\/\/www.accs.pt\/accs\/?page_id=792"},"modified":"2019-11-21T15:46:52","modified_gmt":"2019-11-21T15:46:52","slug":"rampa-da-camacha-2019","status":"publish","type":"page","link":"https:\/\/www.accs.pt\/accs\/rampa-da-camacha-2019\/","title":{"rendered":"Rampa da Camacha 2019"},"content":{"rendered":"\n<figure class=\"wp-block-image\"><img loading=\"lazy\" decoding=\"async\" width=\"1024\" height=\"487\" src=\"http:\/\/www.accs.pt\/accs\/wp-content\/uploads\/2019\/11\/Logo-Rampa-Camacha-1024x487.png\" alt=\"\" class=\"wp-image-793\" srcset=\"https:\/\/www.accs.pt\/accs\/wp-content\/uploads\/2019\/11\/Logo-Rampa-Camacha-1024x487.png 1024w, https:\/\/www.accs.pt\/accs\/wp-content\/uploads\/2019\/11\/Logo-Rampa-Camacha-300x143.png 300w, https:\/\/www.accs.pt\/accs\/wp-content\/uploads\/2019\/11\/Logo-Rampa-Camacha-768x365.png 768w, https:\/\/www.accs.pt\/accs\/wp-content\/uploads\/2019\/11\/Logo-Rampa-Camacha.png 1776w\" sizes=\"auto, (max-width: 1024px) 100vw, 1024px\" \/><\/figure>\n\n\n\n<figure class=\"wp-block-image\"><img loading=\"lazy\" decoding=\"async\" width=\"724\" height=\"1024\" src=\"http:\/\/www.accs.pt\/accs\/wp-content\/uploads\/2019\/11\/Small_Rampa-camacha-2019-724x1024.jpg\" alt=\"\" class=\"wp-image-794\" srcset=\"https:\/\/www.accs.pt\/accs\/wp-content\/uploads\/2019\/11\/Small_Rampa-camacha-2019-724x1024.jpg 724w, https:\/\/www.accs.pt\/accs\/wp-content\/uploads\/2019\/11\/Small_Rampa-camacha-2019-212x300.jpg 212w, https:\/\/www.accs.pt\/accs\/wp-content\/uploads\/2019\/11\/Small_Rampa-camacha-2019-768x1087.jpg 768w, https:\/\/www.accs.pt\/accs\/wp-content\/uploads\/2019\/11\/Small_Rampa-camacha-2019.jpg 800w\" sizes=\"auto, (max-width: 724px) 100vw, 724px\" \/><\/figure>\n\n\n\n<h2 class=\"wp-block-heading\"> <strong>Regulamenta\u00e7\u00e3o da Prova<\/strong> <\/h2>\n\n\n\n<p><strong>Aqui encontra os documentos oficiais relativos a esta prova:<\/strong><\/p>\n\n\n\n<div class=\"wp-block-file\"><a href=\"http:\/\/www.accs.pt\/accs\/wp-content\/uploads\/2019\/11\/Regulamento-Rampa-Camacha-2019.pdf\">Regulamento-Rampa-Camacha-2019<\/a><a href=\"http:\/\/www.accs.pt\/accs\/wp-content\/uploads\/2019\/11\/Regulamento-Rampa-Camacha-2019.pdf\" class=\"wp-block-file__button\" download>Descarregar<\/a><\/div>\n\n\n\n<div class=\"wp-block-file\"><a href=\"http:\/\/www.accs.pt\/accs\/wp-content\/uploads\/2019\/11\/Boletim-Inscri\u00e7\u00e3o-R.-Sport-Rampa-da-Camacha-2019.pdf\">Boletim-Inscri\u00e7\u00e3o-R.-Sport-Rampa-da-Camacha-2019<\/a><a href=\"http:\/\/www.accs.pt\/accs\/wp-content\/uploads\/2019\/11\/Boletim-Inscri\u00e7\u00e3o-R.-Sport-Rampa-da-Camacha-2019.pdf\" class=\"wp-block-file__button\" download>Descarregar<\/a><\/div>\n\n\n\n<div class=\"wp-block-file\"><a href=\"http:\/\/www.accs.pt\/accs\/wp-content\/uploads\/2019\/11\/Boletim-Inscri\u00e7\u00e3o-TRRAMAK-Rampa-da-Camacha-2019.pdf\">Boletim-Inscri\u00e7\u00e3o-TRRAMAK-Rampa-da-Camacha-2019<\/a><a href=\"http:\/\/www.accs.pt\/accs\/wp-content\/uploads\/2019\/11\/Boletim-Inscri\u00e7\u00e3o-TRRAMAK-Rampa-da-Camacha-2019.pdf\" class=\"wp-block-file__button\" download>Descarregar<\/a><\/div>\n\n\n\n<div class=\"wp-block-file\"><a href=\"http:\/\/www.accs.pt\/accs\/wp-content\/uploads\/2019\/11\/Boletim-Inscri\u00e7\u00e3o-R.-Hist\u00f3rica-Rampa-da-Camacha-2019.pdf\">Boletim-Inscri\u00e7\u00e3o-R.-Hist\u00f3rica-Rampa-da-Camacha-2019<\/a><a href=\"http:\/\/www.accs.pt\/accs\/wp-content\/uploads\/2019\/11\/Boletim-Inscri\u00e7\u00e3o-R.-Hist\u00f3rica-Rampa-da-Camacha-2019.pdf\" class=\"wp-block-file__button\" download>Descarregar<\/a><\/div>\n\n\n\n<p>Em alternativa pode consultar os mesmos no site da FPAK <a href=\"https:\/\/www.fpak.pt\/calendario\/2019-11-22-rampa-da-camacha\">https:\/\/www.fpak.pt\/calendario\/2019-11-22-rampa-da-camacha<\/a><\/p>\n\n\n\n<h2 class=\"wp-block-heading\">Programa<\/h2>\n\n\n\n<div class=\"wp-block-file\"><a href=\"http:\/\/www.accs.pt\/accs\/wp-content\/uploads\/2019\/11\/Rampa-Camacha-Programa-2019-161019.pdf\">Rampa-Camacha-Programa-2019-161019<\/a><a href=\"http:\/\/www.accs.pt\/accs\/wp-content\/uploads\/2019\/11\/Rampa-Camacha-Programa-2019-161019.pdf\" class=\"wp-block-file__button\" download>Descarregar<\/a><\/div>\n\n\n\n<h2 class=\"wp-block-heading\">Encerramento de Estradas<\/h2>\n\n\n\n<div class=\"wp-block-file\"><a href=\"http:\/\/www.accs.pt\/accs\/wp-content\/uploads\/2019\/11\/Rampa-Camacha-Encerramento-Estradas-2019-151019.pdf\">Rampa-Camacha-Encerramento-Estradas-2019-151019<\/a><a href=\"http:\/\/www.accs.pt\/accs\/wp-content\/uploads\/2019\/11\/Rampa-Camacha-Encerramento-Estradas-2019-151019.pdf\" class=\"wp-block-file__button\" download>Descarregar<\/a><\/div>\n\n\n\n<h2 class=\"wp-block-heading\">Lista de Inscritos<\/h2>\n\n\n\n<div class=\"wp-block-file\"><a href=\"http:\/\/www.accs.pt\/accs\/wp-content\/uploads\/2019\/11\/Lista-Inscritos-Rampa-da-Camacha_2019-11-19T17h42m27.pdf\">Lista-Inscritos-Rampa-da-Camacha_2019<\/a><a href=\"http:\/\/www.accs.pt\/accs\/wp-content\/uploads\/2019\/11\/Lista-Inscritos-Rampa-da-Camacha_2019-11-19T17h42m27.pdf\" class=\"wp-block-file__button\" download>Descarregar<\/a><\/div>\n","protected":false},"excerpt":{"rendered":"<div class=\"slide-text-bg2\">\n<h3>Regulamenta\u00e7\u00e3o da Prova Aqui encontra os documentos oficiais relativos a esta prova: Em alternativa pode consultar os mesmos no site<\/h3>\n<\/div>\n<div class=\"flex-btn-div\"><a href=\"https:\/\/www.accs.pt\/accs\/rampa-da-camacha-2019\/\" class=\"btn1 flex-btn\">Ler mais<\/a><\/div>\n","protected":false},"author":1,"featured_media":0,"parent":0,"menu_order":0,"comment_status":"closed","ping_status":"closed","template":"","meta":{"footnotes":""},"class_list":["post-792","page","type-page","status-publish","hentry"],"_links":{"self":[{"href":"https:\/\/www.accs.pt\/accs\/wp-json\/wp\/v2\/pages\/792","targetHints":{"allow":["GET"]}}],"collection":[{"href":"https:\/\/www.accs.pt\/accs\/wp-json\/wp\/v2\/pages"}],"about":[{"href":"https:\/\/www.accs.pt\/accs\/wp-json\/wp\/v2\/types\/page"}],"author":[{"embeddable":true,"href":"https:\/\/www.accs.pt\/accs\/wp-json\/wp\/v2\/users\/1"}],"replies":[{"embeddable":true,"href":"https:\/\/www.accs.pt\/accs\/wp-json\/wp\/v2\/comments?post=792"}],"version-history":[{"count":3,"href":"https:\/\/www.accs.pt\/accs\/wp-json\/wp\/v2\/pages\/792\/revisions"}],"predecessor-version":[{"id":829,"href":"https:\/\/www.accs.pt\/accs\/wp-json\/wp\/v2\/pages\/792\/revisions\/829"}],"wp:attachment":[{"href":"https:\/\/www.accs.pt\/accs\/wp-json\/wp\/v2\/media?parent=792"}],"curies":[{"name":"wp","href":"https:\/\/api.w.org\/{rel}","templated":true}]}}