{"id":50,"date":"2018-03-29T12:50:10","date_gmt":"2018-03-29T12:50:10","guid":{"rendered":"http:\/\/accs.pt\/accs\/?page_id=50"},"modified":"2018-04-14T12:59:08","modified_gmt":"2018-04-14T12:59:08","slug":"xx-rali-porto-santo-line","status":"publish","type":"page","link":"https:\/\/www.accs.pt\/accs\/xx-rali-porto-santo-line\/","title":{"rendered":"XX Rali Porto Santo Line"},"content":{"rendered":"<hr \/>\n<p><img loading=\"lazy\" decoding=\"async\" class=\"aligncenter wp-image-154 size-full\" src=\"http:\/\/accs.pt\/accs\/wp-content\/uploads\/2018\/04\/slider_accs_rpsl_xx.jpg\" alt=\"\" width=\"2500\" height=\"850\" srcset=\"https:\/\/www.accs.pt\/accs\/wp-content\/uploads\/2018\/04\/slider_accs_rpsl_xx.jpg 2500w, https:\/\/www.accs.pt\/accs\/wp-content\/uploads\/2018\/04\/slider_accs_rpsl_xx-300x102.jpg 300w, https:\/\/www.accs.pt\/accs\/wp-content\/uploads\/2018\/04\/slider_accs_rpsl_xx-768x261.jpg 768w, https:\/\/www.accs.pt\/accs\/wp-content\/uploads\/2018\/04\/slider_accs_rpsl_xx-1024x348.jpg 1024w\" sizes=\"auto, (max-width: 2500px) 100vw, 2500px\" \/><\/p>\n<p>&nbsp;<\/p>\n<p>O XX Rali Porto Santo Line decorrer\u00e1 nos dias 13 e 14 de abril de 2018<\/p>\n<p>Os interessados em participar t\u00eam dispon\u00edvel aqui a seguinte documenta\u00e7\u00e3o:<\/p>\n<blockquote>\n<ul>\n<li>Ficha de Inscri\u00e7\u00e3o (<a href=\"http:\/\/accs.pt\/accs\/wp-content\/uploads\/2018\/03\/RPSL-2018-Ficha-Inscri\u00e7\u00e3o-270318.pdf\" target=\"_blank\" rel=\"noopener\">RPSL 2018 &#8211; Ficha Inscri\u00e7\u00e3o 270318)<\/a><\/li>\n<\/ul>\n<p>&nbsp;<\/p>\n<ul>\n<li>Regulamento da Prova emitido pela FPAK a 30\/03\/2018 <a href=\"http:\/\/accs.pt\/accs\/wp-content\/uploads\/2018\/03\/26161-regulamento_rali_porto_santo_line_2018_14-03-13_-_enviado_fpak_novo.pdf\" target=\"_blank\" rel=\"noopener\">(26161-regulamento_rali_porto_santo_line_2018_14-03-13)<\/a><\/li>\n<\/ul>\n<p>&nbsp;<\/p>\n<ul>\n<li><a href=\"http:\/\/accs.pt\/accs\/wp-content\/uploads\/2018\/04\/RPSL2018-ENCERRAMENTO-ESTRADAS.pdf\" target=\"_blank\" rel=\"noopener\">Encerramento de estradas XX Rali Porto Santo Line 2018<\/a><\/li>\n<\/ul>\n<p>&nbsp;<\/p>\n<ul>\n<li><a href=\"http:\/\/accs.pt\/accs\/wp-content\/uploads\/2018\/04\/ROAD_BOOK_RPSL_.pdf\" target=\"_blank\" rel=\"noopener\">Road Book XX Rali Porto Santo Line 2018<\/a><\/li>\n<\/ul>\n<p>&nbsp;<\/p>\n<ul>\n<li><a href=\"http:\/\/accs.pt\/accs\/wp-content\/uploads\/2018\/04\/RoadBook_RPSL_info_complementar.pdf\" target=\"_blank\" rel=\"noopener\">RoadBook XX Rali Porto Santo Line 2018 &#8211; Informa\u00e7\u00e3o Complementar<\/a><\/li>\n<\/ul>\n<p>&nbsp;<\/p>\n<ul>\n<li><a href=\"http:\/\/accs.pt\/accs\/wp-content\/uploads\/2018\/04\/XXRali-PSL-RB-Alternativo.pdf\" target=\"_blank\" rel=\"noopener\">Road Book Alternativo<\/a><\/li>\n<\/ul>\n<p>&nbsp;<\/p>\n<ul>\n<li><a href=\"http:\/\/accs.pt\/accs\/mapas-das-classificativas\/\">Mapas das Classificativas<\/a><\/li>\n<\/ul>\n<p>&nbsp;<\/p>\n<ul>\n<li><a href=\"http:\/\/accs.pt\/accs\/wp-content\/uploads\/2018\/04\/26288-aditamento_1.pdf\" target=\"_blank\" rel=\"noopener\">Aditamento_n\u00b01<\/a><\/li>\n<\/ul>\n<\/blockquote>\n","protected":false},"excerpt":{"rendered":"<div class=\"slide-text-bg2\">\n<h3>&nbsp; O XX Rali Porto Santo Line decorrer\u00e1 nos dias 13 e 14 de abril de 2018 Os interessados em<\/h3>\n<\/div>\n<div class=\"flex-btn-div\"><a href=\"https:\/\/www.accs.pt\/accs\/xx-rali-porto-santo-line\/\" class=\"btn1 flex-btn\">Ler mais<\/a><\/div>\n","protected":false},"author":1,"featured_media":0,"parent":0,"menu_order":0,"comment_status":"closed","ping_status":"closed","template":"fullwidth.php","meta":{"footnotes":""},"class_list":["post-50","page","type-page","status-publish","hentry"],"_links":{"self":[{"href":"https:\/\/www.accs.pt\/accs\/wp-json\/wp\/v2\/pages\/50","targetHints":{"allow":["GET"]}}],"collection":[{"href":"https:\/\/www.accs.pt\/accs\/wp-json\/wp\/v2\/pages"}],"about":[{"href":"https:\/\/www.accs.pt\/accs\/wp-json\/wp\/v2\/types\/page"}],"author":[{"embeddable":true,"href":"https:\/\/www.accs.pt\/accs\/wp-json\/wp\/v2\/users\/1"}],"replies":[{"embeddable":true,"href":"https:\/\/www.accs.pt\/accs\/wp-json\/wp\/v2\/comments?post=50"}],"version-history":[{"count":21,"href":"https:\/\/www.accs.pt\/accs\/wp-json\/wp\/v2\/pages\/50\/revisions"}],"predecessor-version":[{"id":55,"href":"https:\/\/www.accs.pt\/accs\/wp-json\/wp\/v2\/pages\/50\/revisions\/55"}],"wp:attachment":[{"href":"https:\/\/www.accs.pt\/accs\/wp-json\/wp\/v2\/media?parent=50"}],"curies":[{"name":"wp","href":"https:\/\/api.w.org\/{rel}","templated":true}]}}