{"id":1710,"date":"2026-01-28T20:25:32","date_gmt":"2026-01-28T20:25:32","guid":{"rendered":"https:\/\/www.accs.pt\/accs\/?page_id=1710"},"modified":"2026-01-28T20:34:29","modified_gmt":"2026-01-28T20:34:29","slug":"viii-rampa-da-camacha-2026","status":"publish","type":"page","link":"https:\/\/www.accs.pt\/accs\/viii-rampa-da-camacha-2026\/","title":{"rendered":"VIII Rampa da Camacha 2026"},"content":{"rendered":"<div class=\"wp-block-image\">\n<figure class=\"aligncenter size-large is-resized\"><img loading=\"lazy\" decoding=\"async\" width=\"724\" height=\"1024\" src=\"https:\/\/www.accs.pt\/accs\/wp-content\/uploads\/2026\/01\/1000084633-724x1024.jpg\" alt=\"\" class=\"wp-image-1713\" style=\"width:597px;height:auto\" srcset=\"https:\/\/www.accs.pt\/accs\/wp-content\/uploads\/2026\/01\/1000084633-724x1024.jpg 724w, https:\/\/www.accs.pt\/accs\/wp-content\/uploads\/2026\/01\/1000084633-212x300.jpg 212w, https:\/\/www.accs.pt\/accs\/wp-content\/uploads\/2026\/01\/1000084633-768x1086.jpg 768w, https:\/\/www.accs.pt\/accs\/wp-content\/uploads\/2026\/01\/1000084633-1086x1536.jpg 1086w, https:\/\/www.accs.pt\/accs\/wp-content\/uploads\/2026\/01\/1000084633-1448x2048.jpg 1448w, https:\/\/www.accs.pt\/accs\/wp-content\/uploads\/2026\/01\/1000084633-scaled.jpg 1810w\" sizes=\"auto, (max-width: 724px) 100vw, 724px\" \/><\/figure>\n<\/div>\n\n\n<p>Aqui poder\u00e1 consultar o Regulamento Particular da Prova:<\/p>\n\n\n\n<div data-wp-interactive=\"core\/file\" class=\"wp-block-file\"><object data-wp-bind--hidden=\"!state.hasPdfPreview\" hidden class=\"wp-block-file__embed\" data=\"https:\/\/www.accs.pt\/accs\/wp-content\/uploads\/2026\/01\/Regulamento-Particular-VIII-Rampa-da-Camacha-Aprovado_2026-01-27T16h01m43.pdf\" type=\"application\/pdf\" style=\"width:100%;height:600px\" aria-label=\"Incorpora\u00e7\u00e3o de Regulamento Particular VIII Rampa da Camacha Aprovado_2026-01-27T16h01m43.\"><\/object><a id=\"wp-block-file--media-d4ebafb2-ff65-4085-a881-b0e3de7470ff\" href=\"https:\/\/www.accs.pt\/accs\/wp-content\/uploads\/2026\/01\/Regulamento-Particular-VIII-Rampa-da-Camacha-Aprovado_2026-01-27T16h01m43.pdf\">Regulamento Particular VIII Rampa da Camacha Aprovado_2026-01-27T16h01m43<\/a><a href=\"https:\/\/www.accs.pt\/accs\/wp-content\/uploads\/2026\/01\/Regulamento-Particular-VIII-Rampa-da-Camacha-Aprovado_2026-01-27T16h01m43.pdf\" class=\"wp-block-file__button wp-element-button\" download aria-describedby=\"wp-block-file--media-d4ebafb2-ff65-4085-a881-b0e3de7470ff\">Descarregar<\/a><\/div>\n\n\n\n<p><\/p>\n\n\n\n<p>Informa\u00e7\u00f5es Adicionais e Pagamentos:<\/p>\n\n\n\n<div data-wp-interactive=\"core\/file\" class=\"wp-block-file\"><object data-wp-bind--hidden=\"!state.hasPdfPreview\" hidden class=\"wp-block-file__embed\" data=\"https:\/\/www.accs.pt\/accs\/wp-content\/uploads\/2026\/01\/RC2026-Informacoes-Adicionais-e-Pagamento_2026-01-27T21h31m17-1.pdf\" type=\"application\/pdf\" style=\"width:100%;height:600px\" aria-label=\"Incorpora\u00e7\u00e3o de RC2026 - Informa\u00e7\u00f5es Adicionais e Pagamento_2026-01-27T21h31m17 (1).\"><\/object><a id=\"wp-block-file--media-e8d9d6b7-6e83-4370-92a5-3bfb6725011a\" href=\"https:\/\/www.accs.pt\/accs\/wp-content\/uploads\/2026\/01\/RC2026-Informacoes-Adicionais-e-Pagamento_2026-01-27T21h31m17-1.pdf\">RC2026 &#8211; Informa\u00e7\u00f5es Adicionais e Pagamento_2026-01-27T21h31m17 (1)<\/a><a href=\"https:\/\/www.accs.pt\/accs\/wp-content\/uploads\/2026\/01\/RC2026-Informacoes-Adicionais-e-Pagamento_2026-01-27T21h31m17-1.pdf\" class=\"wp-block-file__button wp-element-button\" download aria-describedby=\"wp-block-file--media-e8d9d6b7-6e83-4370-92a5-3bfb6725011a\">Descarregar<\/a><\/div>\n\n\n<div class=\"wp-block-image\">\n<figure class=\"aligncenter size-large is-resized\"><img loading=\"lazy\" decoding=\"async\" width=\"1024\" height=\"479\" src=\"https:\/\/www.accs.pt\/accs\/wp-content\/uploads\/2026\/01\/1000084634-1024x479.png\" alt=\"\" class=\"wp-image-1712\" style=\"width:390px;height:auto\" srcset=\"https:\/\/www.accs.pt\/accs\/wp-content\/uploads\/2026\/01\/1000084634-1024x479.png 1024w, https:\/\/www.accs.pt\/accs\/wp-content\/uploads\/2026\/01\/1000084634-300x140.png 300w, https:\/\/www.accs.pt\/accs\/wp-content\/uploads\/2026\/01\/1000084634-768x359.png 768w, https:\/\/www.accs.pt\/accs\/wp-content\/uploads\/2026\/01\/1000084634-1536x718.png 1536w, https:\/\/www.accs.pt\/accs\/wp-content\/uploads\/2026\/01\/1000084634.png 1920w\" sizes=\"auto, (max-width: 1024px) 100vw, 1024px\" \/><\/figure>\n<\/div>\n\n\n<p><\/p>\n\n\n\n<p>Poder\u00e1 adicionalmente consultar o site da FPAK em <a href=\"https:\/\/www.fpak.pt\/index.php\/calendario\/2026-02-06-rampa-regional-da-camacha-ic-publicidade\">https:\/\/www.fpak.pt\/index.php\/calendario\/2026-02-06-rampa-regional-da-camacha-ic-publicidade<\/a><\/p>\n","protected":false},"excerpt":{"rendered":"<div class=\"slide-text-bg2\">\n<h3>Aqui poder\u00e1 consultar o Regulamento Particular da Prova: Informa\u00e7\u00f5es Adicionais e Pagamentos: Poder\u00e1 adicionalmente consultar o site da FPAK em<\/h3>\n<\/div>\n<div class=\"flex-btn-div\"><a href=\"https:\/\/www.accs.pt\/accs\/viii-rampa-da-camacha-2026\/\" class=\"btn1 flex-btn\">Ler mais<\/a><\/div>\n","protected":false},"author":1,"featured_media":1712,"parent":0,"menu_order":0,"comment_status":"closed","ping_status":"closed","template":"","meta":{"footnotes":""},"class_list":["post-1710","page","type-page","status-publish","has-post-thumbnail","hentry"],"_links":{"self":[{"href":"https:\/\/www.accs.pt\/accs\/wp-json\/wp\/v2\/pages\/1710","targetHints":{"allow":["GET"]}}],"collection":[{"href":"https:\/\/www.accs.pt\/accs\/wp-json\/wp\/v2\/pages"}],"about":[{"href":"https:\/\/www.accs.pt\/accs\/wp-json\/wp\/v2\/types\/page"}],"author":[{"embeddable":true,"href":"https:\/\/www.accs.pt\/accs\/wp-json\/wp\/v2\/users\/1"}],"replies":[{"embeddable":true,"href":"https:\/\/www.accs.pt\/accs\/wp-json\/wp\/v2\/comments?post=1710"}],"version-history":[{"count":3,"href":"https:\/\/www.accs.pt\/accs\/wp-json\/wp\/v2\/pages\/1710\/revisions"}],"predecessor-version":[{"id":1718,"href":"https:\/\/www.accs.pt\/accs\/wp-json\/wp\/v2\/pages\/1710\/revisions\/1718"}],"wp:featuredmedia":[{"embeddable":true,"href":"https:\/\/www.accs.pt\/accs\/wp-json\/wp\/v2\/media\/1712"}],"wp:attachment":[{"href":"https:\/\/www.accs.pt\/accs\/wp-json\/wp\/v2\/media?parent=1710"}],"curies":[{"name":"wp","href":"https:\/\/api.w.org\/{rel}","templated":true}]}}