{"id":1642,"date":"2025-05-20T12:55:15","date_gmt":"2025-05-20T12:55:15","guid":{"rendered":"https:\/\/www.accs.pt\/accs\/?page_id=1642"},"modified":"2025-06-02T21:16:25","modified_gmt":"2025-06-02T21:16:25","slug":"rali-ribeira-brava-2025","status":"publish","type":"page","link":"https:\/\/www.accs.pt\/accs\/rali-ribeira-brava-2025\/","title":{"rendered":"Rali Ribeira Brava 2025"},"content":{"rendered":"<div class=\"wp-block-image\">\n<figure class=\"aligncenter size-large is-resized\"><img loading=\"lazy\" decoding=\"async\" width=\"1024\" height=\"854\" src=\"https:\/\/www.accs.pt\/accs\/wp-content\/uploads\/2025\/05\/logo_ribeirabrava2025_transparente-04-1024x854.jpg\" alt=\"\" class=\"wp-image-1644\" style=\"width:638px;height:auto\" srcset=\"https:\/\/www.accs.pt\/accs\/wp-content\/uploads\/2025\/05\/logo_ribeirabrava2025_transparente-04-1024x854.jpg 1024w, https:\/\/www.accs.pt\/accs\/wp-content\/uploads\/2025\/05\/logo_ribeirabrava2025_transparente-04-300x250.jpg 300w, https:\/\/www.accs.pt\/accs\/wp-content\/uploads\/2025\/05\/logo_ribeirabrava2025_transparente-04-768x640.jpg 768w, https:\/\/www.accs.pt\/accs\/wp-content\/uploads\/2025\/05\/logo_ribeirabrava2025_transparente-04.jpg 1167w\" sizes=\"auto, (max-width: 1024px) 100vw, 1024px\" \/><\/figure>\n<\/div>\n\n<div class=\"wp-block-image\">\n<figure class=\"aligncenter size-large\"><img loading=\"lazy\" decoding=\"async\" width=\"724\" height=\"1024\" src=\"https:\/\/www.accs.pt\/accs\/wp-content\/uploads\/2025\/05\/Cartaz-1080-724x1024.jpg\" alt=\"\" class=\"wp-image-1645\" srcset=\"https:\/\/www.accs.pt\/accs\/wp-content\/uploads\/2025\/05\/Cartaz-1080-724x1024.jpg 724w, https:\/\/www.accs.pt\/accs\/wp-content\/uploads\/2025\/05\/Cartaz-1080-212x300.jpg 212w, https:\/\/www.accs.pt\/accs\/wp-content\/uploads\/2025\/05\/Cartaz-1080-768x1086.jpg 768w, https:\/\/www.accs.pt\/accs\/wp-content\/uploads\/2025\/05\/Cartaz-1080.jpg 1080w\" sizes=\"auto, (max-width: 724px) 100vw, 724px\" \/><\/figure>\n<\/div>\n\n\n<p>Aqui poder\u00e1 consultar a informa\u00e7\u00e3o referente ao Rali da Ribeira Brava 2025:<\/p>\n\n\n\n<p>Em alternativa poder\u00e1 consultar o quadro oficial no site da FPAK <a href=\"https:\/\/fpak.pt\/calendario\/2025-06-06-rali-da-ribeira-brava\">https:\/\/fpak.pt\/calendario\/2025-06-06-rali-da-ribeira-brava<\/a><\/p>\n\n\n\n<p>Regulamento Particular Prova<\/p>\n\n\n\n<div data-wp-interactive=\"core\/file\" class=\"wp-block-file aligncenter\"><object data-wp-bind--hidden=\"!state.hasPdfPreview\" hidden class=\"wp-block-file__embed\" data=\"https:\/\/www.accs.pt\/accs\/wp-content\/uploads\/2025\/05\/RRbrava_2025_Regulamento_Particular.pdf\" type=\"application\/pdf\" style=\"width:100%;height:600px\" aria-label=\"Incorpora\u00e7\u00e3o de RRbrava_2025_Regulamento_Particular.\"><\/object><a id=\"wp-block-file--media-d856cd95-5b36-4de3-9dac-5a76d37c9d39\" href=\"https:\/\/www.accs.pt\/accs\/wp-content\/uploads\/2025\/05\/RRbrava_2025_Regulamento_Particular.pdf\">RRbrava_2025_Regulamento_Particular<\/a><a href=\"https:\/\/www.accs.pt\/accs\/wp-content\/uploads\/2025\/05\/RRbrava_2025_Regulamento_Particular.pdf\" class=\"wp-block-file__button wp-element-button\" download aria-describedby=\"wp-block-file--media-d856cd95-5b36-4de3-9dac-5a76d37c9d39\">Descarregar<\/a><\/div>\n\n\n\n<p><\/p>\n\n\n\n<p><\/p>\n\n\n\n<p>Mapa de Controlos:<\/p>\n\n\n\n<div data-wp-interactive=\"core\/file\" class=\"wp-block-file aligncenter\"><object data-wp-bind--hidden=\"!state.hasPdfPreview\" hidden class=\"wp-block-file__embed\" data=\"https:\/\/www.accs.pt\/accs\/wp-content\/uploads\/2025\/05\/RRbrava_2025_Mapa_controlos.pdf\" type=\"application\/pdf\" style=\"width:100%;height:600px\" aria-label=\"Incorpora\u00e7\u00e3o de RRbrava_2025_Mapa_controlos.\"><\/object><a id=\"wp-block-file--media-332f05db-a0ff-4e60-96fd-3cf87ae4fac0\" href=\"https:\/\/www.accs.pt\/accs\/wp-content\/uploads\/2025\/05\/RRbrava_2025_Mapa_controlos.pdf\">RRbrava_2025_Mapa_controlos<\/a><a href=\"https:\/\/www.accs.pt\/accs\/wp-content\/uploads\/2025\/05\/RRbrava_2025_Mapa_controlos.pdf\" class=\"wp-block-file__button wp-element-button\" download aria-describedby=\"wp-block-file--media-332f05db-a0ff-4e60-96fd-3cf87ae4fac0\">Descarregar<\/a><\/div>\n\n\n\n<p><\/p>\n\n\n\n<p>Encerramento de Estradas: <\/p>\n\n\n\n<div data-wp-interactive=\"core\/file\" class=\"wp-block-file aligncenter\"><object data-wp-bind--hidden=\"!state.hasPdfPreview\" hidden class=\"wp-block-file__embed\" data=\"https:\/\/www.accs.pt\/accs\/wp-content\/uploads\/2025\/06\/Enc-Est-RRBrava25.pdf\" type=\"application\/pdf\" style=\"width:100%;height:600px\" aria-label=\"Incorpora\u00e7\u00e3o de Enc Est RRBrava25.\"><\/object><a id=\"wp-block-file--media-d704c583-62ce-49a2-b43e-236192d2d0e6\" href=\"https:\/\/www.accs.pt\/accs\/wp-content\/uploads\/2025\/06\/Enc-Est-RRBrava25.pdf\">Enc Est RRBrava25<\/a><a href=\"https:\/\/www.accs.pt\/accs\/wp-content\/uploads\/2025\/06\/Enc-Est-RRBrava25.pdf\" class=\"wp-block-file__button wp-element-button\" download aria-describedby=\"wp-block-file--media-d704c583-62ce-49a2-b43e-236192d2d0e6\">Descarregar<\/a><\/div>\n","protected":false},"excerpt":{"rendered":"<div class=\"slide-text-bg2\">\n<h3>Aqui poder\u00e1 consultar a informa\u00e7\u00e3o referente ao Rali da Ribeira Brava 2025: Em alternativa poder\u00e1 consultar o quadro oficial no<\/h3>\n<\/div>\n<div class=\"flex-btn-div\"><a href=\"https:\/\/www.accs.pt\/accs\/rali-ribeira-brava-2025\/\" class=\"btn1 flex-btn\">Ler mais<\/a><\/div>\n","protected":false},"author":1,"featured_media":0,"parent":0,"menu_order":0,"comment_status":"closed","ping_status":"closed","template":"","meta":{"footnotes":""},"class_list":["post-1642","page","type-page","status-publish","hentry"],"_links":{"self":[{"href":"https:\/\/www.accs.pt\/accs\/wp-json\/wp\/v2\/pages\/1642","targetHints":{"allow":["GET"]}}],"collection":[{"href":"https:\/\/www.accs.pt\/accs\/wp-json\/wp\/v2\/pages"}],"about":[{"href":"https:\/\/www.accs.pt\/accs\/wp-json\/wp\/v2\/types\/page"}],"author":[{"embeddable":true,"href":"https:\/\/www.accs.pt\/accs\/wp-json\/wp\/v2\/users\/1"}],"replies":[{"embeddable":true,"href":"https:\/\/www.accs.pt\/accs\/wp-json\/wp\/v2\/comments?post=1642"}],"version-history":[{"count":4,"href":"https:\/\/www.accs.pt\/accs\/wp-json\/wp\/v2\/pages\/1642\/revisions"}],"predecessor-version":[{"id":1659,"href":"https:\/\/www.accs.pt\/accs\/wp-json\/wp\/v2\/pages\/1642\/revisions\/1659"}],"wp:attachment":[{"href":"https:\/\/www.accs.pt\/accs\/wp-json\/wp\/v2\/media?parent=1642"}],"curies":[{"name":"wp","href":"https:\/\/api.w.org\/{rel}","templated":true}]}}