{"id":1618,"date":"2025-04-15T20:03:37","date_gmt":"2025-04-15T20:03:37","guid":{"rendered":"https:\/\/www.accs.pt\/accs\/?page_id=1618"},"modified":"2025-04-24T07:23:22","modified_gmt":"2025-04-24T07:23:22","slug":"vii-rampa-da-camacha-2025","status":"publish","type":"page","link":"https:\/\/www.accs.pt\/accs\/vii-rampa-da-camacha-2025\/","title":{"rendered":"VII Rampa da Camacha 2025"},"content":{"rendered":"<div class=\"wp-block-image\">\n<figure class=\"aligncenter size-large\"><img loading=\"lazy\" decoding=\"async\" width=\"1024\" height=\"479\" src=\"https:\/\/www.accs.pt\/accs\/wp-content\/uploads\/2025\/04\/logo_rampa_camacha_2025-1024x479.png\" alt=\"\" class=\"wp-image-1619\" srcset=\"https:\/\/www.accs.pt\/accs\/wp-content\/uploads\/2025\/04\/logo_rampa_camacha_2025-1024x479.png 1024w, https:\/\/www.accs.pt\/accs\/wp-content\/uploads\/2025\/04\/logo_rampa_camacha_2025-300x140.png 300w, https:\/\/www.accs.pt\/accs\/wp-content\/uploads\/2025\/04\/logo_rampa_camacha_2025-768x359.png 768w, https:\/\/www.accs.pt\/accs\/wp-content\/uploads\/2025\/04\/logo_rampa_camacha_2025-1536x718.png 1536w, https:\/\/www.accs.pt\/accs\/wp-content\/uploads\/2025\/04\/logo_rampa_camacha_2025.png 1920w\" sizes=\"auto, (max-width: 1024px) 100vw, 1024px\" \/><\/figure>\n<\/div>\n\n<div class=\"wp-block-image\">\n<figure class=\"aligncenter size-large\"><img loading=\"lazy\" decoding=\"async\" width=\"724\" height=\"1024\" src=\"https:\/\/www.accs.pt\/accs\/wp-content\/uploads\/2025\/04\/rampa_camacha_v1_big-724x1024.jpg\" alt=\"\" class=\"wp-image-1629\" srcset=\"https:\/\/www.accs.pt\/accs\/wp-content\/uploads\/2025\/04\/rampa_camacha_v1_big-724x1024.jpg 724w, https:\/\/www.accs.pt\/accs\/wp-content\/uploads\/2025\/04\/rampa_camacha_v1_big-212x300.jpg 212w, https:\/\/www.accs.pt\/accs\/wp-content\/uploads\/2025\/04\/rampa_camacha_v1_big-768x1086.jpg 768w, https:\/\/www.accs.pt\/accs\/wp-content\/uploads\/2025\/04\/rampa_camacha_v1_big-1086x1536.jpg 1086w, https:\/\/www.accs.pt\/accs\/wp-content\/uploads\/2025\/04\/rampa_camacha_v1_big-1448x2048.jpg 1448w, https:\/\/www.accs.pt\/accs\/wp-content\/uploads\/2025\/04\/rampa_camacha_v1_big-scaled.jpg 1810w\" sizes=\"auto, (max-width: 724px) 100vw, 724px\" \/><\/figure>\n<\/div>\n\n\n<p>Aqui poder\u00e1 consultar toda a informa\u00e7\u00e3o da VII Rampa da Camacha 2025<\/p>\n\n\n\n<p>Regulamento particular da prova<\/p>\n\n\n\n<div data-wp-interactive=\"core\/file\" class=\"wp-block-file aligncenter\"><object data-wp-bind--hidden=\"!state.hasPdfPreview\" hidden class=\"wp-block-file__embed\" data=\"https:\/\/www.accs.pt\/accs\/wp-content\/uploads\/2025\/04\/Regulamento-Particular-VII-Rampa-da-Camacha-_2025-04-11T15h29m59.pdf\" type=\"application\/pdf\" style=\"width:100%;height:600px\" aria-label=\"Incorpora\u00e7\u00e3o de Regulamento Particular VII Rampa da Camacha _2025-04-11T15h29m59.\"><\/object><a id=\"wp-block-file--media-13f41bf5-121b-4e48-9a73-c8f4648b3161\" href=\"https:\/\/www.accs.pt\/accs\/wp-content\/uploads\/2025\/04\/Regulamento-Particular-VII-Rampa-da-Camacha-_2025-04-11T15h29m59.pdf\">Regulamento Particular VII Rampa da Camacha _2025-04-11T15h29m59<\/a><a href=\"https:\/\/www.accs.pt\/accs\/wp-content\/uploads\/2025\/04\/Regulamento-Particular-VII-Rampa-da-Camacha-_2025-04-11T15h29m59.pdf\" class=\"wp-block-file__button wp-element-button\" download aria-describedby=\"wp-block-file--media-13f41bf5-121b-4e48-9a73-c8f4648b3161\">Descarregar<\/a><\/div>\n\n\n\n<div class=\"wp-block-file\"><a id=\"wp-block-file--media-77404d1e-5bd1-456f-b1dc-eb8967f617e4\" href=\"https:\/\/www.accs.pt\/accs\/wp-content\/uploads\/2025\/04\/Prova-Espetaculo.webp\">Prova Espet\u00e1culo<\/a><a href=\"https:\/\/www.accs.pt\/accs\/wp-content\/uploads\/2025\/04\/Prova-Espetaculo.webp\" class=\"wp-block-file__button wp-element-button\" download aria-describedby=\"wp-block-file--media-77404d1e-5bd1-456f-b1dc-eb8967f617e4\">Descarregar<\/a><\/div>\n\n\n\n<p>Programa:<\/p>\n\n\n\n<div data-wp-interactive=\"core\/file\" class=\"wp-block-file\"><object data-wp-bind--hidden=\"!state.hasPdfPreview\" hidden class=\"wp-block-file__embed\" data=\"https:\/\/www.accs.pt\/accs\/wp-content\/uploads\/2025\/04\/Rampa-Camacha-Programa-2025.pdf\" type=\"application\/pdf\" style=\"width:100%;height:600px\" aria-label=\"Incorpora\u00e7\u00e3o de Rampa Camacha Programa 2025.\"><\/object><a id=\"wp-block-file--media-6cff2f3b-e3aa-4ff5-b3ac-a11216916fa5\" href=\"https:\/\/www.accs.pt\/accs\/wp-content\/uploads\/2025\/04\/Rampa-Camacha-Programa-2025.pdf\">Rampa Camacha Programa 2025<\/a><a href=\"https:\/\/www.accs.pt\/accs\/wp-content\/uploads\/2025\/04\/Rampa-Camacha-Programa-2025.pdf\" class=\"wp-block-file__button wp-element-button\" download aria-describedby=\"wp-block-file--media-6cff2f3b-e3aa-4ff5-b3ac-a11216916fa5\">Descarregar<\/a><\/div>\n\n\n\n<p><\/p>\n\n\n\n<p>Encerramento de Estradas:<\/p>\n\n\n\n<div data-wp-interactive=\"core\/file\" class=\"wp-block-file\"><object data-wp-bind--hidden=\"!state.hasPdfPreview\" hidden class=\"wp-block-file__embed\" data=\"https:\/\/www.accs.pt\/accs\/wp-content\/uploads\/2025\/04\/Rampa-Camacha-Enc-Estradas-2025_Atualizado.pdf\" type=\"application\/pdf\" style=\"width:100%;height:600px\" aria-label=\"Incorpora\u00e7\u00e3o de Rampa Camacha Enc Estradas 2025_Atualizado.\"><\/object><a id=\"wp-block-file--media-12c215a1-99e9-4734-a25f-5d58f9582458\" href=\"https:\/\/www.accs.pt\/accs\/wp-content\/uploads\/2025\/04\/Rampa-Camacha-Enc-Estradas-2025_Atualizado.pdf\">Rampa Camacha Enc Estradas 2025_Atualizado<\/a><a href=\"https:\/\/www.accs.pt\/accs\/wp-content\/uploads\/2025\/04\/Rampa-Camacha-Enc-Estradas-2025_Atualizado.pdf\" class=\"wp-block-file__button wp-element-button\" download aria-describedby=\"wp-block-file--media-12c215a1-99e9-4734-a25f-5d58f9582458\">Descarregar<\/a><\/div>\n\n\n\n<p><\/p>\n\n\n\n<p>Plano de sustantibilidade Ambiental:<\/p>\n\n\n\n<div data-wp-interactive=\"core\/file\" class=\"wp-block-file\"><object data-wp-bind--hidden=\"!state.hasPdfPreview\" hidden class=\"wp-block-file__embed\" data=\"https:\/\/www.accs.pt\/accs\/wp-content\/uploads\/2025\/04\/PSA_RAMPA-DA-CAMACHA_signed.pdf\" type=\"application\/pdf\" style=\"width:100%;height:600px\" aria-label=\"Incorpora\u00e7\u00e3o de PSA_RAMPA DA CAMACHA_signed.\"><\/object><a id=\"wp-block-file--media-4c577554-a61f-4ff8-b408-774309852d77\" href=\"https:\/\/www.accs.pt\/accs\/wp-content\/uploads\/2025\/04\/PSA_RAMPA-DA-CAMACHA_signed.pdf\">PSA_RAMPA DA CAMACHA_signed<\/a><a href=\"https:\/\/www.accs.pt\/accs\/wp-content\/uploads\/2025\/04\/PSA_RAMPA-DA-CAMACHA_signed.pdf\" class=\"wp-block-file__button wp-element-button\" download aria-describedby=\"wp-block-file--media-4c577554-a61f-4ff8-b408-774309852d77\">Descarregar<\/a><\/div>\n\n\n\n<p><\/p>\n\n\n\n<p>Lista de Inscritos:<\/p>\n\n\n\n<div data-wp-interactive=\"core\/file\" class=\"wp-block-file\"><object data-wp-bind--hidden=\"!state.hasPdfPreview\" hidden class=\"wp-block-file__embed\" data=\"https:\/\/www.accs.pt\/accs\/wp-content\/uploads\/2025\/04\/Lista-Inscritos-VII-Rampa-Camacha_IC-Publiciddade.pdf\" type=\"application\/pdf\" style=\"width:100%;height:600px\" aria-label=\"Incorpora\u00e7\u00e3o de Lista Inscritos VII Rampa Camacha_IC Publiciddade.\"><\/object><a id=\"wp-block-file--media-a75f71c1-16b1-480f-9341-ae4f74c3e9d1\" href=\"https:\/\/www.accs.pt\/accs\/wp-content\/uploads\/2025\/04\/Lista-Inscritos-VII-Rampa-Camacha_IC-Publiciddade.pdf\">Lista Inscritos VII Rampa Camacha_IC Publiciddade<\/a><a href=\"https:\/\/www.accs.pt\/accs\/wp-content\/uploads\/2025\/04\/Lista-Inscritos-VII-Rampa-Camacha_IC-Publiciddade.pdf\" class=\"wp-block-file__button wp-element-button\" download aria-describedby=\"wp-block-file--media-a75f71c1-16b1-480f-9341-ae4f74c3e9d1\">Descarregar<\/a><\/div>\n","protected":false},"excerpt":{"rendered":"<div class=\"slide-text-bg2\">\n<h3>Aqui poder\u00e1 consultar toda a informa\u00e7\u00e3o da VII Rampa da Camacha 2025 Regulamento particular da prova Programa: Encerramento de Estradas:<\/h3>\n<\/div>\n<div class=\"flex-btn-div\"><a href=\"https:\/\/www.accs.pt\/accs\/vii-rampa-da-camacha-2025\/\" class=\"btn1 flex-btn\">Ler mais<\/a><\/div>\n","protected":false},"author":1,"featured_media":0,"parent":0,"menu_order":0,"comment_status":"closed","ping_status":"closed","template":"","meta":{"footnotes":""},"class_list":["post-1618","page","type-page","status-publish","hentry"],"_links":{"self":[{"href":"https:\/\/www.accs.pt\/accs\/wp-json\/wp\/v2\/pages\/1618","targetHints":{"allow":["GET"]}}],"collection":[{"href":"https:\/\/www.accs.pt\/accs\/wp-json\/wp\/v2\/pages"}],"about":[{"href":"https:\/\/www.accs.pt\/accs\/wp-json\/wp\/v2\/types\/page"}],"author":[{"embeddable":true,"href":"https:\/\/www.accs.pt\/accs\/wp-json\/wp\/v2\/users\/1"}],"replies":[{"embeddable":true,"href":"https:\/\/www.accs.pt\/accs\/wp-json\/wp\/v2\/comments?post=1618"}],"version-history":[{"count":4,"href":"https:\/\/www.accs.pt\/accs\/wp-json\/wp\/v2\/pages\/1618\/revisions"}],"predecessor-version":[{"id":1640,"href":"https:\/\/www.accs.pt\/accs\/wp-json\/wp\/v2\/pages\/1618\/revisions\/1640"}],"wp:attachment":[{"href":"https:\/\/www.accs.pt\/accs\/wp-json\/wp\/v2\/media?parent=1618"}],"curies":[{"name":"wp","href":"https:\/\/api.w.org\/{rel}","templated":true}]}}