{"id":1449,"date":"2024-06-28T13:49:26","date_gmt":"2024-06-28T13:49:26","guid":{"rendered":"https:\/\/www.accs.pt\/accs\/?page_id=1449"},"modified":"2024-07-09T19:34:01","modified_gmt":"2024-07-09T19:34:01","slug":"vii-rali-ribeira-brava-2024","status":"publish","type":"page","link":"https:\/\/www.accs.pt\/accs\/vii-rali-ribeira-brava-2024\/","title":{"rendered":"VII Rali Ribeira Brava 2024"},"content":{"rendered":"<div class=\"wp-block-image\">\n<figure class=\"aligncenter size-large\"><img loading=\"lazy\" decoding=\"async\" width=\"724\" height=\"1024\" src=\"https:\/\/www.accs.pt\/accs\/wp-content\/uploads\/2024\/06\/rali_RB_final2-724x1024.png\" alt=\"\" class=\"wp-image-1466\" srcset=\"https:\/\/www.accs.pt\/accs\/wp-content\/uploads\/2024\/06\/rali_RB_final2-724x1024.png 724w, https:\/\/www.accs.pt\/accs\/wp-content\/uploads\/2024\/06\/rali_RB_final2-212x300.png 212w, https:\/\/www.accs.pt\/accs\/wp-content\/uploads\/2024\/06\/rali_RB_final2-768x1086.png 768w, https:\/\/www.accs.pt\/accs\/wp-content\/uploads\/2024\/06\/rali_RB_final2-1086x1536.png 1086w, https:\/\/www.accs.pt\/accs\/wp-content\/uploads\/2024\/06\/rali_RB_final2-1448x2048.png 1448w, https:\/\/www.accs.pt\/accs\/wp-content\/uploads\/2024\/06\/rali_RB_final2.png 1754w\" sizes=\"auto, (max-width: 724px) 100vw, 724px\" \/><\/figure>\n<\/div>\n\n\n<p>Aqui poder\u00e1 encontrar  toda a informa\u00e7\u00e3o do Rali Ribeira Brava 2024.<\/p>\n\n\n\n<p>Em alternativa poder\u00e1 consultar a mesma no portal da FPAK em <a href=\"https:\/\/www.fpak.pt\/calendario\/2024-07-12-rali-da-ribeira-brava\">https:\/\/www.fpak.pt\/calendario\/2024-07-12-rali-da-ribeira-brava<\/a><\/p>\n\n\n\n<p>Regulamento da Prova:<\/p>\n\n\n\n<div data-wp-interactive=\"core\/file\" class=\"wp-block-file aligncenter\"><object data-wp-bind--hidden=\"!state.hasPdfPreview\" hidden class=\"wp-block-file__embed\" data=\"https:\/\/www.accs.pt\/accs\/wp-content\/uploads\/2024\/06\/Regulamento-RRB2024_2024-06-19T15h31m46.pdf\" type=\"application\/pdf\" style=\"width:100%;height:600px\" aria-label=\"Incorpora\u00e7\u00e3o de Regulamento-RRB2024_2024-06-19T15h31m46.\"><\/object><a id=\"wp-block-file--media-f3f0f8dd-015f-4f95-b252-c146ebf409cd\" href=\"https:\/\/www.accs.pt\/accs\/wp-content\/uploads\/2024\/06\/Regulamento-RRB2024_2024-06-19T15h31m46.pdf\">Regulamento-RRB2024_2024-06-19T15h31m46<\/a><a href=\"https:\/\/www.accs.pt\/accs\/wp-content\/uploads\/2024\/06\/Regulamento-RRB2024_2024-06-19T15h31m46.pdf\" class=\"wp-block-file__button wp-element-button\" download aria-describedby=\"wp-block-file--media-f3f0f8dd-015f-4f95-b252-c146ebf409cd\">Descarregar<\/a><\/div>\n\n\n\n<p><\/p>\n\n\n\n<p>Informa\u00e7\u00f5es adicionais e pagamentos:<\/p>\n\n\n\n<div data-wp-interactive=\"core\/file\" class=\"wp-block-file aligncenter\"><object data-wp-bind--hidden=\"!state.hasPdfPreview\" hidden class=\"wp-block-file__embed\" data=\"https:\/\/www.accs.pt\/accs\/wp-content\/uploads\/2024\/06\/RRB2024-Informac\u0327o\u0303es-Adicionais-e-Pagamento_2024-06-20T09h43m06.pdf\" type=\"application\/pdf\" style=\"width:100%;height:600px\" aria-label=\"Incorpora\u00e7\u00e3o de RRB2024-Informac\u0327o\u0303es-Adicionais-e-Pagamento_2024-06-20T09h43m06.\"><\/object><a id=\"wp-block-file--media-5561d083-f2d9-4bba-883f-9977c1e75686\" href=\"https:\/\/www.accs.pt\/accs\/wp-content\/uploads\/2024\/06\/RRB2024-Informac\u0327o\u0303es-Adicionais-e-Pagamento_2024-06-20T09h43m06.pdf\">RRB2024-Informac\u0327o\u0303es-Adicionais-e-Pagamento_2024-06-20T09h43m06<\/a><a href=\"https:\/\/www.accs.pt\/accs\/wp-content\/uploads\/2024\/06\/RRB2024-Informac\u0327o\u0303es-Adicionais-e-Pagamento_2024-06-20T09h43m06.pdf\" class=\"wp-block-file__button wp-element-button\" download aria-describedby=\"wp-block-file--media-5561d083-f2d9-4bba-883f-9977c1e75686\">Descarregar<\/a><\/div>\n\n\n\n<p><\/p>\n\n\n\n<p>Mapa controlos:<\/p>\n\n\n\n<div data-wp-interactive=\"core\/file\" class=\"wp-block-file aligncenter\"><object data-wp-bind--hidden=\"!state.hasPdfPreview\" hidden class=\"wp-block-file__embed\" data=\"https:\/\/www.accs.pt\/accs\/wp-content\/uploads\/2024\/06\/RRB2024-ANEXO-I-Mapa_de_controlos_2024-06-19T15h31m57.pdf\" type=\"application\/pdf\" style=\"width:100%;height:600px\" aria-label=\"Incorpora\u00e7\u00e3o de RRB2024-ANEXO-I-Mapa_de_controlos_2024-06-19T15h31m57.\"><\/object><a id=\"wp-block-file--media-0d4cee17-3710-438b-b26a-5bff165d903a\" href=\"https:\/\/www.accs.pt\/accs\/wp-content\/uploads\/2024\/06\/RRB2024-ANEXO-I-Mapa_de_controlos_2024-06-19T15h31m57.pdf\">RRB2024-ANEXO-I-Mapa_de_controlos_2024-06-19T15h31m57<\/a><a href=\"https:\/\/www.accs.pt\/accs\/wp-content\/uploads\/2024\/06\/RRB2024-ANEXO-I-Mapa_de_controlos_2024-06-19T15h31m57.pdf\" class=\"wp-block-file__button wp-element-button\" download aria-describedby=\"wp-block-file--media-0d4cee17-3710-438b-b26a-5bff165d903a\">Descarregar<\/a><\/div>\n\n\n<div class=\"wp-block-image\">\n<figure class=\"aligncenter size-large\"><img loading=\"lazy\" decoding=\"async\" width=\"1024\" height=\"198\" src=\"https:\/\/www.accs.pt\/accs\/wp-content\/uploads\/2024\/06\/Cabecalho_raliribeirabrava_2024-1024x198.png\" alt=\"\" class=\"wp-image-1450\" srcset=\"https:\/\/www.accs.pt\/accs\/wp-content\/uploads\/2024\/06\/Cabecalho_raliribeirabrava_2024-1024x198.png 1024w, https:\/\/www.accs.pt\/accs\/wp-content\/uploads\/2024\/06\/Cabecalho_raliribeirabrava_2024-300x58.png 300w, https:\/\/www.accs.pt\/accs\/wp-content\/uploads\/2024\/06\/Cabecalho_raliribeirabrava_2024-768x149.png 768w, https:\/\/www.accs.pt\/accs\/wp-content\/uploads\/2024\/06\/Cabecalho_raliribeirabrava_2024-1536x298.png 1536w, https:\/\/www.accs.pt\/accs\/wp-content\/uploads\/2024\/06\/Cabecalho_raliribeirabrava_2024.png 1600w\" sizes=\"auto, (max-width: 1024px) 100vw, 1024px\" \/><\/figure>\n<\/div>\n\n\n<p>Pedido de Acredita\u00e7\u00e3o para MEDIA<\/p>\n\n\n\n<div class=\"wp-block-file aligncenter\"><a id=\"wp-block-file--media-6a00685b-c336-4ac0-aec1-8f5b7d6436cb\" href=\"https:\/\/www.accs.pt\/accs\/wp-content\/uploads\/2024\/07\/Ficha-de-Acreditacao-Rali-da-Ribeira-Brava-2024.docx\">Ficha-de-Acreditacao-Rali-da-Ribeira-Brava-2024<\/a><a href=\"https:\/\/www.accs.pt\/accs\/wp-content\/uploads\/2024\/07\/Ficha-de-Acreditacao-Rali-da-Ribeira-Brava-2024.docx\" class=\"wp-block-file__button wp-element-button\" download aria-describedby=\"wp-block-file--media-6a00685b-c336-4ac0-aec1-8f5b7d6436cb\">Descarregar<\/a><\/div>\n\n\n<div class=\"wp-block-image\">\n<figure class=\"aligncenter size-large is-resized\"><img loading=\"lazy\" decoding=\"async\" width=\"1024\" height=\"854\" src=\"http:\/\/www.accs.pt\/accs\/wp-content\/uploads\/2024\/07\/logo_ribeirabrava2024_branco-1024x854.png\" alt=\"\" class=\"wp-image-1471\" style=\"width:274px;height:auto\" srcset=\"https:\/\/www.accs.pt\/accs\/wp-content\/uploads\/2024\/07\/logo_ribeirabrava2024_branco-1024x854.png 1024w, https:\/\/www.accs.pt\/accs\/wp-content\/uploads\/2024\/07\/logo_ribeirabrava2024_branco-300x250.png 300w, https:\/\/www.accs.pt\/accs\/wp-content\/uploads\/2024\/07\/logo_ribeirabrava2024_branco-768x640.png 768w, https:\/\/www.accs.pt\/accs\/wp-content\/uploads\/2024\/07\/logo_ribeirabrava2024_branco.png 1167w\" sizes=\"auto, (max-width: 1024px) 100vw, 1024px\" \/><\/figure>\n<\/div>\n\n\n<p>Encerramento de Estradas: <\/p>\n\n\n\n<div data-wp-interactive=\"core\/file\" class=\"wp-block-file aligncenter\"><object data-wp-bind--hidden=\"!state.hasPdfPreview\" hidden class=\"wp-block-file__embed\" data=\"https:\/\/www.accs.pt\/accs\/wp-content\/uploads\/2024\/07\/RRB2024-Encerramento-Estadas.pdf\" type=\"application\/pdf\" style=\"width:100%;height:600px\" aria-label=\"Incorpora\u00e7\u00e3o de RRB2024-Encerramento-Estadas.\"><\/object><a id=\"wp-block-file--media-f9925d22-4a98-410c-b2a1-06530c0db8c8\" href=\"https:\/\/www.accs.pt\/accs\/wp-content\/uploads\/2024\/07\/RRB2024-Encerramento-Estadas.pdf\">RRB2024-Encerramento-Estadas<\/a><a href=\"https:\/\/www.accs.pt\/accs\/wp-content\/uploads\/2024\/07\/RRB2024-Encerramento-Estadas.pdf\" class=\"wp-block-file__button wp-element-button\" download aria-describedby=\"wp-block-file--media-f9925d22-4a98-410c-b2a1-06530c0db8c8\">Descarregar<\/a><\/div>\n\n\n\n<p><\/p>\n\n\n\n<p>Caderno de Itiner\u00e1rio do Rali Ribeira Brava 2024<\/p>\n\n\n\n<div data-wp-interactive=\"core\/file\" class=\"wp-block-file aligncenter\"><object data-wp-bind--hidden=\"!state.hasPdfPreview\" hidden class=\"wp-block-file__embed\" data=\"https:\/\/www.accs.pt\/accs\/wp-content\/uploads\/2024\/07\/RoadBook-_Alterado-1.pdf\" type=\"application\/pdf\" style=\"width:100%;height:600px\" aria-label=\"Incorpora\u00e7\u00e3o de RoadBook-_Alterado-1.\"><\/object><a id=\"wp-block-file--media-c1dff3a5-e672-4d47-a524-940734fe7407\" href=\"https:\/\/www.accs.pt\/accs\/wp-content\/uploads\/2024\/07\/RoadBook-_Alterado-1.pdf\">RoadBook-_Alterado-1<\/a><a href=\"https:\/\/www.accs.pt\/accs\/wp-content\/uploads\/2024\/07\/RoadBook-_Alterado-1.pdf\" class=\"wp-block-file__button wp-element-button\" download aria-describedby=\"wp-block-file--media-c1dff3a5-e672-4d47-a524-940734fe7407\">Descarregar<\/a><\/div>\n\n\n\n<p><\/p>\n\n\n\n<p>Informa\u00e7\u00e3o n.\u00ba1<\/p>\n\n\n\n<div data-wp-interactive=\"core\/file\" class=\"wp-block-file\"><object data-wp-bind--hidden=\"!state.hasPdfPreview\" hidden class=\"wp-block-file__embed\" data=\"https:\/\/www.accs.pt\/accs\/wp-content\/uploads\/2024\/07\/Informacao-n.o-1-1.pdf\" type=\"application\/pdf\" style=\"width:100%;height:600px\" aria-label=\"Incorpora\u00e7\u00e3o de Informacao-n.o-1-1.\"><\/object><a id=\"wp-block-file--media-7e551028-71db-4afb-9b30-ce92533e2f0c\" href=\"https:\/\/www.accs.pt\/accs\/wp-content\/uploads\/2024\/07\/Informacao-n.o-1-1.pdf\">Informacao-n.o-1-1<\/a><a href=\"https:\/\/www.accs.pt\/accs\/wp-content\/uploads\/2024\/07\/Informacao-n.o-1-1.pdf\" class=\"wp-block-file__button wp-element-button\" download aria-describedby=\"wp-block-file--media-7e551028-71db-4afb-9b30-ce92533e2f0c\">Descarregar<\/a><\/div>\n\n\n\n<p><\/p>\n\n\n\n<p>Informa\u00e7\u00e3o n.\u00ba2<\/p>\n\n\n\n<div data-wp-interactive=\"core\/file\" class=\"wp-block-file\"><object data-wp-bind--hidden=\"!state.hasPdfPreview\" hidden class=\"wp-block-file__embed\" data=\"https:\/\/www.accs.pt\/accs\/wp-content\/uploads\/2024\/07\/Informacao-n.o-2-1.pdf\" type=\"application\/pdf\" style=\"width:100%;height:600px\" aria-label=\"Incorpora\u00e7\u00e3o de Informacao-n.o-2-1.\"><\/object><a id=\"wp-block-file--media-1e4f6207-e1d6-4008-a551-432c7f5be62e\" href=\"https:\/\/www.accs.pt\/accs\/wp-content\/uploads\/2024\/07\/Informacao-n.o-2-1.pdf\">Informacao-n.o-2-1<\/a><a href=\"https:\/\/www.accs.pt\/accs\/wp-content\/uploads\/2024\/07\/Informacao-n.o-2-1.pdf\" class=\"wp-block-file__button wp-element-button\" download aria-describedby=\"wp-block-file--media-1e4f6207-e1d6-4008-a551-432c7f5be62e\">Descarregar<\/a><\/div>\n\n\n\n<p>Errata das p\u00e1ginas 7 a 9:<\/p>\n\n\n\n<div data-wp-interactive=\"core\/file\" class=\"wp-block-file\"><object data-wp-bind--hidden=\"!state.hasPdfPreview\" hidden class=\"wp-block-file__embed\" data=\"https:\/\/www.accs.pt\/accs\/wp-content\/uploads\/2024\/07\/Errata-roadbook-pag-7-a-9-1.pdf\" type=\"application\/pdf\" style=\"width:100%;height:600px\" aria-label=\"Incorpora\u00e7\u00e3o de Errata-roadbook-pag-7-a-9-1.\"><\/object><a id=\"wp-block-file--media-0e40443a-9aa6-4f43-9a22-a39f834cff44\" href=\"https:\/\/www.accs.pt\/accs\/wp-content\/uploads\/2024\/07\/Errata-roadbook-pag-7-a-9-1.pdf\">Errata-roadbook-pag-7-a-9-1<\/a><a href=\"https:\/\/www.accs.pt\/accs\/wp-content\/uploads\/2024\/07\/Errata-roadbook-pag-7-a-9-1.pdf\" class=\"wp-block-file__button wp-element-button\" download aria-describedby=\"wp-block-file--media-0e40443a-9aa6-4f43-9a22-a39f834cff44\">Descarregar<\/a><\/div>\n\n\n\n<p><\/p>\n\n\n\n<p>Errata das p\u00e1ginas 49 a 52:<\/p>\n\n\n\n<div data-wp-interactive=\"core\/file\" class=\"wp-block-file\"><object data-wp-bind--hidden=\"!state.hasPdfPreview\" hidden class=\"wp-block-file__embed\" data=\"https:\/\/www.accs.pt\/accs\/wp-content\/uploads\/2024\/07\/Errata-roadbook-pag-49-a-52-1.pdf\" type=\"application\/pdf\" style=\"width:100%;height:600px\" aria-label=\"Incorpora\u00e7\u00e3o de Errata-roadbook-pag-49-a-52-1.\"><\/object><a id=\"wp-block-file--media-01c31bf1-2f0b-42ba-b6fe-dab74ec28475\" href=\"https:\/\/www.accs.pt\/accs\/wp-content\/uploads\/2024\/07\/Errata-roadbook-pag-49-a-52-1.pdf\">Errata-roadbook-pag-49-a-52-1<\/a><a href=\"https:\/\/www.accs.pt\/accs\/wp-content\/uploads\/2024\/07\/Errata-roadbook-pag-49-a-52-1.pdf\" class=\"wp-block-file__button wp-element-button\" download aria-describedby=\"wp-block-file--media-01c31bf1-2f0b-42ba-b6fe-dab74ec28475\">Descarregar<\/a><\/div>\n","protected":false},"excerpt":{"rendered":"<div class=\"slide-text-bg2\">\n<h3>Aqui poder\u00e1 encontrar toda a informa\u00e7\u00e3o do Rali Ribeira Brava 2024. Em alternativa poder\u00e1 consultar a mesma no portal da<\/h3>\n<\/div>\n<div class=\"flex-btn-div\"><a href=\"https:\/\/www.accs.pt\/accs\/vii-rali-ribeira-brava-2024\/\" class=\"btn1 flex-btn\">Ler mais<\/a><\/div>\n","protected":false},"author":1,"featured_media":0,"parent":0,"menu_order":0,"comment_status":"closed","ping_status":"closed","template":"","meta":{"footnotes":""},"class_list":["post-1449","page","type-page","status-publish","hentry"],"_links":{"self":[{"href":"https:\/\/www.accs.pt\/accs\/wp-json\/wp\/v2\/pages\/1449","targetHints":{"allow":["GET"]}}],"collection":[{"href":"https:\/\/www.accs.pt\/accs\/wp-json\/wp\/v2\/pages"}],"about":[{"href":"https:\/\/www.accs.pt\/accs\/wp-json\/wp\/v2\/types\/page"}],"author":[{"embeddable":true,"href":"https:\/\/www.accs.pt\/accs\/wp-json\/wp\/v2\/users\/1"}],"replies":[{"embeddable":true,"href":"https:\/\/www.accs.pt\/accs\/wp-json\/wp\/v2\/comments?post=1449"}],"version-history":[{"count":11,"href":"https:\/\/www.accs.pt\/accs\/wp-json\/wp\/v2\/pages\/1449\/revisions"}],"predecessor-version":[{"id":1544,"href":"https:\/\/www.accs.pt\/accs\/wp-json\/wp\/v2\/pages\/1449\/revisions\/1544"}],"wp:attachment":[{"href":"https:\/\/www.accs.pt\/accs\/wp-json\/wp\/v2\/media?parent=1449"}],"curies":[{"name":"wp","href":"https:\/\/api.w.org\/{rel}","templated":true}]}}