{"id":140,"date":"2018-04-02T01:01:21","date_gmt":"2018-04-02T01:01:21","guid":{"rendered":"http:\/\/accs.pt\/accs\/?page_id=140"},"modified":"2026-01-28T14:33:04","modified_gmt":"2026-01-28T14:33:04","slug":"orgaos-sociais","status":"publish","type":"page","link":"https:\/\/www.accs.pt\/accs\/orgaos-sociais\/","title":{"rendered":"\u00d3rg\u00e3os Sociais"},"content":{"rendered":"<p>Com o acto eleitoral de 13 Novembro de 2025 foram eleitos os seguintes \u00d3rg\u00e3os Sociais do Autom\u00f3vel Clube Concelho de Santa Cruz:<\/p>\n<p style=\"text-align: left;\"><strong>Assembleia Geral<\/strong><\/p>\n<blockquote><p>Presidente: Paulo Bas\u00edlio Teixeira Rodrigues \u2013 SF 28<\/p>\n<p>Vice-Presidente: Fernanda Laura Correia de N\u00f3brega \u2013 SF 9<\/p>\n<p>Vice-Presidente: Jo\u00e3o Ant\u00f3nio de Almeida Pupo Correia \u2013 SF 20<\/p>\n<p>Suplente: Jos\u00e9 Filipe Barreto de Sousa \u2013 SF 22<\/p>\n<p>Suplente: Duarte Nuno Carvalho de Abreu \u2013 SF 7<\/p><\/blockquote>\n<p><strong>Direc\u00e7\u00e3o:<\/strong><\/p>\n<blockquote><p>Presidente: Michel da Fonte Belo \u2013 SE 39<\/p>\n<p>Vice-Presidente: Od\u00edlio de Gouveia Freitas &#8211; SE 61<\/p>\n<p>Secret\u00e1rio: \u00c2ngelo de Freitas Nunes \u2013 SF 1<\/p>\n<p>Tesoureiro: Carlos Maria Ornelas da Silva \u2013 SF 5<\/p>\n<p>Vogal: Daniel Agostinho Vieira de Freitas \u2013 SE 81<\/p>\n<p>Vogal: Ana Cristina Alves Costa \u2013 SE 82<\/p>\n<p>Vogal: Laura Gouveia Belo \u2013 SE 86<\/p>\n<p>Suplente: Afonso Telmo Teixeira de Abreu \u2013 SE 31<\/p>\n<p>Suplente: Vitor Hugo Vieira de Sousa \u2013\u00a0 SE 83<\/p><\/blockquote>\n<p><strong>Conselho Fiscal<\/strong><\/p>\n<blockquote><p>Presidente: Jo\u00e3o Pedro Barreto de Sousa \u2013 SF 19<\/p>\n<p>Vice-Presidente: Lu\u00eds Nuno Fran\u00e7a Andrade Rodrigues \u2013 SF 24<\/p>\n<p>Relator: Jos\u00e9 Lu\u00eds Ornelas de Vasconcelos Alves \u2013 SF 23<\/p>\n<p>Suplente: Georges Pascal Lubomirski Pierre \u2013 SF 15<\/p>\n<p>Suplente: \u00d3scar An\u00edbal Ribeiro Rodrigues \u2013 SE 85<\/p><\/blockquote>\n<p>SF \u2013 S\u00f3cio Fundador<\/p>\n<p>SE \u2013 S\u00f3cio Efectivo<\/p>\n","protected":false},"excerpt":{"rendered":"<div class=\"slide-text-bg2\">\n<h3>Com o acto eleitoral de 13 Novembro de 2025 foram eleitos os seguintes \u00d3rg\u00e3os Sociais do Autom\u00f3vel Clube Concelho de<\/h3>\n<\/div>\n<div class=\"flex-btn-div\"><a href=\"https:\/\/www.accs.pt\/accs\/orgaos-sociais\/\" class=\"btn1 flex-btn\">Ler mais<\/a><\/div>\n","protected":false},"author":1,"featured_media":0,"parent":0,"menu_order":0,"comment_status":"closed","ping_status":"closed","template":"","meta":{"footnotes":""},"class_list":["post-140","page","type-page","status-publish","hentry"],"_links":{"self":[{"href":"https:\/\/www.accs.pt\/accs\/wp-json\/wp\/v2\/pages\/140","targetHints":{"allow":["GET"]}}],"collection":[{"href":"https:\/\/www.accs.pt\/accs\/wp-json\/wp\/v2\/pages"}],"about":[{"href":"https:\/\/www.accs.pt\/accs\/wp-json\/wp\/v2\/types\/page"}],"author":[{"embeddable":true,"href":"https:\/\/www.accs.pt\/accs\/wp-json\/wp\/v2\/users\/1"}],"replies":[{"embeddable":true,"href":"https:\/\/www.accs.pt\/accs\/wp-json\/wp\/v2\/comments?post=140"}],"version-history":[{"count":7,"href":"https:\/\/www.accs.pt\/accs\/wp-json\/wp\/v2\/pages\/140\/revisions"}],"predecessor-version":[{"id":1709,"href":"https:\/\/www.accs.pt\/accs\/wp-json\/wp\/v2\/pages\/140\/revisions\/1709"}],"wp:attachment":[{"href":"https:\/\/www.accs.pt\/accs\/wp-json\/wp\/v2\/media?parent=140"}],"curies":[{"name":"wp","href":"https:\/\/api.w.org\/{rel}","templated":true}]}}

Órgãos Sociais

<p>Com o acto eleitoral de 13 Novembro de 2025 foram eleitos os seguintes Órgãos Sociais do Automóvel Clube Concelho de Santa Cruz:</p>
<p style="text-align: left;"><strong>Assembleia Geral</strong></p>
<blockquote><p>Presidente: Paulo Basílio Teixeira Rodrigues – SF 28</p>
<p>Vice-Presidente: Fernanda Laura Correia de Nóbrega – SF 9</p>
<p>Vice-Presidente: João António de Almeida Pupo Correia – SF 20</p>
<p>Suplente: José Filipe Barreto de Sousa – SF 22</p>
<p>Suplente: Duarte Nuno Carvalho de Abreu – SF 7</p></blockquote>
<p><strong>Direcção:</strong></p>
<blockquote><p>Presidente: Michel da Fonte Belo – SE 39</p>
<p>Vice-Presidente: Odílio de Gouveia Freitas &#8211; SE 61</p>
<p>Secretário: Ângelo de Freitas Nunes – SF 1</p>
<p>Tesoureiro: Carlos Maria Ornelas da Silva – SF 5</p>
<p>Vogal: Daniel Agostinho Vieira de Freitas – SE 81</p>
<p>Vogal: Ana Cristina Alves Costa – SE 82</p>
<p>Vogal: Laura Gouveia Belo – SE 86</p>
<p>Suplente: Afonso Telmo Teixeira de Abreu – SE 31</p>
<p>Suplente: Vitor Hugo Vieira de Sousa –  SE 83</p></blockquote>
<p><strong>Conselho Fiscal</strong></p>
<blockquote><p>Presidente: João Pedro Barreto de Sousa – SF 19</p>
<p>Vice-Presidente: Luís Nuno França Andrade Rodrigues – SF 24</p>
<p>Relator: José Luís Ornelas de Vasconcelos Alves – SF 23</p>
<p>Suplente: Georges Pascal Lubomirski Pierre – SF 15</p>
<p>Suplente: Óscar Aníbal Ribeiro Rodrigues – SE 85</p></blockquote>
<p>SF – Sócio Fundador</p>
<p>SE – Sócio Efectivo</p>

<div class="slide-text-bg2">
<h3>Com o acto eleitoral de 13 Novembro de 2025 foram eleitos os seguintes Órgãos Sociais do Automóvel Clube Concelho de</h3>
</div>
<div class="flex-btn-div"><a href="https://www.accs.pt/accs/orgaos-sociais/" class="btn1 flex-btn">Ler mais</a></div>
