{"id":1383,"date":"2023-07-16T16:30:20","date_gmt":"2023-07-16T16:30:20","guid":{"rendered":"https:\/\/www.accs.pt\/accs\/?page_id=1383"},"modified":"2023-07-22T08:46:39","modified_gmt":"2023-07-22T08:46:39","slug":"rampa-sporting-club-santacruzense-ic-publicidade","status":"publish","type":"page","link":"https:\/\/www.accs.pt\/accs\/rampa-sporting-club-santacruzense-ic-publicidade\/","title":{"rendered":"Rampa Sporting Club Santacruzense &#8211; IC Publicidade 2023"},"content":{"rendered":"<div class=\"wp-block-image\">\n<figure class=\"aligncenter size-large\"><img loading=\"lazy\" decoding=\"async\" width=\"819\" height=\"1024\" src=\"https:\/\/www.accs.pt\/accs\/wp-content\/uploads\/2023\/07\/cartaz_versao3-819x1024.jpg\" alt=\"\" class=\"wp-image-1384\" srcset=\"https:\/\/www.accs.pt\/accs\/wp-content\/uploads\/2023\/07\/cartaz_versao3-819x1024.jpg 819w, https:\/\/www.accs.pt\/accs\/wp-content\/uploads\/2023\/07\/cartaz_versao3-240x300.jpg 240w, https:\/\/www.accs.pt\/accs\/wp-content\/uploads\/2023\/07\/cartaz_versao3-768x960.jpg 768w, https:\/\/www.accs.pt\/accs\/wp-content\/uploads\/2023\/07\/cartaz_versao3-1229x1536.jpg 1229w, https:\/\/www.accs.pt\/accs\/wp-content\/uploads\/2023\/07\/cartaz_versao3.jpg 1280w\" sizes=\"auto, (max-width: 819px) 100vw, 819px\" \/><\/figure>\n<\/div>\n\n\n<p>Tempos Online<\/p>\n\n\n\n<p><a href=\"https:\/\/vola-publish.com\/amak\/race\/santo-da-serra---santa-cruz-rampa-regional-scsantacruzense---ic-publicidade_29300.html\">https:\/\/vola-publish.com\/amak\/race\/santo-da-serra&#8212;santa-cruz-rampa-regional-scsantacruzense&#8212;ic-publicidade_29300.html<\/a><\/p>\n\n\n\n<p>Regulamento da prova:<\/p>\n\n\n\n<div data-wp-interactive=\"core\/file\" class=\"wp-block-file aligncenter\"><object data-wp-bind--hidden=\"!state.hasPdfPreview\" hidden class=\"wp-block-file__embed\" data=\"https:\/\/www.accs.pt\/accs\/wp-content\/uploads\/2023\/07\/Regulamento-VIII-Rampa-SCS-2023_2023-06-29T11h43m35.pdf\" type=\"application\/pdf\" style=\"width:100%;height:600px\" aria-label=\"Incorpora\u00e7\u00e3o de Regulamento-VIII-Rampa-SCS-2023_2023-06-29T11h43m35.\"><\/object><a id=\"wp-block-file--media-1ab41ef1-5f65-4190-8a41-9b7ac3114b2c\" href=\"https:\/\/www.accs.pt\/accs\/wp-content\/uploads\/2023\/07\/Regulamento-VIII-Rampa-SCS-2023_2023-06-29T11h43m35.pdf\">Regulamento-VIII-Rampa-SCS-2023_2023-06-29T11h43m35<\/a><a href=\"https:\/\/www.accs.pt\/accs\/wp-content\/uploads\/2023\/07\/Regulamento-VIII-Rampa-SCS-2023_2023-06-29T11h43m35.pdf\" class=\"wp-block-file__button wp-element-button\" download aria-describedby=\"wp-block-file--media-1ab41ef1-5f65-4190-8a41-9b7ac3114b2c\">Descarregar<\/a><\/div>\n\n\n\n<p><\/p>\n\n\n\n<p>Programa:<\/p>\n\n\n\n<div data-wp-interactive=\"core\/file\" class=\"wp-block-file aligncenter\"><object data-wp-bind--hidden=\"!state.hasPdfPreview\" hidden class=\"wp-block-file__embed\" data=\"https:\/\/www.accs.pt\/accs\/wp-content\/uploads\/2023\/07\/Rampa-SCS-Programa-2023_2023-06-29T15h55m08.pdf\" type=\"application\/pdf\" style=\"width:100%;height:600px\" aria-label=\"Incorpora\u00e7\u00e3o de Rampa-SCS-Programa-2023_2023-06-29T15h55m08.\"><\/object><a id=\"wp-block-file--media-8123cabc-a19e-436d-a2c7-d05eaa45dfc1\" href=\"https:\/\/www.accs.pt\/accs\/wp-content\/uploads\/2023\/07\/Rampa-SCS-Programa-2023_2023-06-29T15h55m08.pdf\">Rampa-SCS-Programa-2023_2023-06-29T15h55m08<\/a><a href=\"https:\/\/www.accs.pt\/accs\/wp-content\/uploads\/2023\/07\/Rampa-SCS-Programa-2023_2023-06-29T15h55m08.pdf\" class=\"wp-block-file__button wp-element-button\" download aria-describedby=\"wp-block-file--media-8123cabc-a19e-436d-a2c7-d05eaa45dfc1\">Descarregar<\/a><\/div>\n\n\n\n<p><\/p>\n\n\n\n<p>Encerramento de Estradas:<\/p>\n\n\n\n<div data-wp-interactive=\"core\/file\" class=\"wp-block-file aligncenter\"><object data-wp-bind--hidden=\"!state.hasPdfPreview\" hidden class=\"wp-block-file__embed\" data=\"https:\/\/www.accs.pt\/accs\/wp-content\/uploads\/2023\/07\/Rampa-SCS-Encerramento-Estradas-2023_2023-06-29T15h55m15.pdf\" type=\"application\/pdf\" style=\"width:100%;height:600px\" aria-label=\"Incorpora\u00e7\u00e3o de Rampa-SCS-Encerramento-Estradas-2023_2023-06-29T15h55m15.\"><\/object><a id=\"wp-block-file--media-cad00e1c-aa12-480a-b2b8-084ceb583097\" href=\"https:\/\/www.accs.pt\/accs\/wp-content\/uploads\/2023\/07\/Rampa-SCS-Encerramento-Estradas-2023_2023-06-29T15h55m15.pdf\">Rampa-SCS-Encerramento-Estradas-2023_2023-06-29T15h55m15<\/a><a href=\"https:\/\/www.accs.pt\/accs\/wp-content\/uploads\/2023\/07\/Rampa-SCS-Encerramento-Estradas-2023_2023-06-29T15h55m15.pdf\" class=\"wp-block-file__button wp-element-button\" download aria-describedby=\"wp-block-file--media-cad00e1c-aa12-480a-b2b8-084ceb583097\">Descarregar<\/a><\/div>\n\n\n\n<p><\/p>\n\n\n\n<p>Informa\u00e7\u00f5es Adicionais e Pagamentos:<\/p>\n\n\n\n<div data-wp-interactive=\"core\/file\" class=\"wp-block-file aligncenter\"><object data-wp-bind--hidden=\"!state.hasPdfPreview\" hidden class=\"wp-block-file__embed\" data=\"https:\/\/www.accs.pt\/accs\/wp-content\/uploads\/2023\/07\/RSCS2023-Informac\u0327o\u0303es-Adicionais-e-Pagamento_2023-06-29T15h55m32.pdf\" type=\"application\/pdf\" style=\"width:100%;height:600px\" aria-label=\"Incorpora\u00e7\u00e3o de RSCS2023-Informac\u0327o\u0303es-Adicionais-e-Pagamento_2023-06-29T15h55m32.\"><\/object><a id=\"wp-block-file--media-0be7e2e0-8494-4f6d-9709-57f13c752439\" href=\"https:\/\/www.accs.pt\/accs\/wp-content\/uploads\/2023\/07\/RSCS2023-Informac\u0327o\u0303es-Adicionais-e-Pagamento_2023-06-29T15h55m32.pdf\">RSCS2023-Informac\u0327o\u0303es-Adicionais-e-Pagamento_2023-06-29T15h55m32<\/a><a href=\"https:\/\/www.accs.pt\/accs\/wp-content\/uploads\/2023\/07\/RSCS2023-Informac\u0327o\u0303es-Adicionais-e-Pagamento_2023-06-29T15h55m32.pdf\" class=\"wp-block-file__button wp-element-button\" download aria-describedby=\"wp-block-file--media-0be7e2e0-8494-4f6d-9709-57f13c752439\">Descarregar<\/a><\/div>\n\n\n\n<p>Ficha de Acredita\u00e7\u00e3o para a Imprensa:<\/p>\n\n\n\n<div class=\"wp-block-file\"><a id=\"wp-block-file--media-46b3b38c-1428-4b42-88c9-339c6a9573fe\" href=\"https:\/\/www.accs.pt\/accs\/wp-content\/uploads\/2023\/07\/Ficha-de-Acreditacao-Rampa-SCS-2023.docx\">Ficha-de-Acreditacao-Rampa-SCS-2023<\/a><a href=\"https:\/\/www.accs.pt\/accs\/wp-content\/uploads\/2023\/07\/Ficha-de-Acreditacao-Rampa-SCS-2023.docx\" class=\"wp-block-file__button wp-element-button\" download aria-describedby=\"wp-block-file--media-46b3b38c-1428-4b42-88c9-339c6a9573fe\">Descarregar<\/a><\/div>\n\n\n\n<p><\/p>\n\n\n\n<p><\/p>\n\n\n\n<p>Lista de Inscritos:<\/p>\n\n\n\n<div data-wp-interactive=\"core\/file\" class=\"wp-block-file aligncenter\"><object data-wp-bind--hidden=\"!state.hasPdfPreview\" hidden class=\"wp-block-file__embed\" data=\"http:\/\/www.accs.pt\/accs\/wp-content\/uploads\/2023\/07\/Lista-Inscritos-Rampa-S.C.-Santacruzense_IC-Publicidade-2023_2023-07-17T12h16m17-Publicada_2023-07-17T14h27m37.pdf\" type=\"application\/pdf\" style=\"width:100%;height:600px\" aria-label=\"Incorpora\u00e7\u00e3o de Lista-Inscritos-Rampa-S.C.-Santacruzense_IC-Publicidade-2023_2023-07-17T12h16m17-Publicada_2023-07-17T14h27m37.\"><\/object><a id=\"wp-block-file--media-b7e15efb-18dd-44e6-8b4b-19505b282678\" href=\"http:\/\/www.accs.pt\/accs\/wp-content\/uploads\/2023\/07\/Lista-Inscritos-Rampa-S.C.-Santacruzense_IC-Publicidade-2023_2023-07-17T12h16m17-Publicada_2023-07-17T14h27m37.pdf\">Lista-Inscritos-Rampa-S.C.-Santacruzense_IC-Publicidade-2023_2023-07-17T12h16m17-Publicada_2023-07-17T14h27m37<\/a><a href=\"http:\/\/www.accs.pt\/accs\/wp-content\/uploads\/2023\/07\/Lista-Inscritos-Rampa-S.C.-Santacruzense_IC-Publicidade-2023_2023-07-17T12h16m17-Publicada_2023-07-17T14h27m37.pdf\" class=\"wp-block-file__button wp-element-button\" download aria-describedby=\"wp-block-file--media-b7e15efb-18dd-44e6-8b4b-19505b282678\">Descarregar<\/a><\/div>\n\n\n\n<p><\/p>\n\n\n\n<p>P\u00e1gina Oficial FPAK <\/p>\n\n\n\n<p><a href=\"https:\/\/www.fpak.pt\/calendario\/2023-07-21-rampa-regional-sc-santacruzense-ic-publicidade\">https:\/\/www.fpak.pt\/calendario\/2023-07-21-rampa-regional-sc-santacruzense-ic-publicidade<\/a><\/p>\n\n\n\n<p><\/p>\n\n\n\n<p>Aditamento n\u00ba 1<\/p>\n\n\n\n<div data-wp-interactive=\"core\/file\" class=\"wp-block-file\"><object data-wp-bind--hidden=\"!state.hasPdfPreview\" hidden class=\"wp-block-file__embed\" data=\"http:\/\/www.accs.pt\/accs\/wp-content\/uploads\/2023\/07\/Aditamento-1-Rampa-S.C.-Santacruzense_IC-Publicidade-2023_2023-07-20T10h33m52.pdf\" type=\"application\/pdf\" style=\"width:100%;height:600px\" aria-label=\"Incorpora\u00e7\u00e3o de Aditamento-1-Rampa-S.C.-Santacruzense_IC-Publicidade-2023_2023-07-20T10h33m52.\"><\/object><a id=\"wp-block-file--media-7b5f689f-327e-4d50-85bf-206e73298522\" href=\"http:\/\/www.accs.pt\/accs\/wp-content\/uploads\/2023\/07\/Aditamento-1-Rampa-S.C.-Santacruzense_IC-Publicidade-2023_2023-07-20T10h33m52.pdf\">Aditamento-1-Rampa-S.C.-Santacruzense_IC-Publicidade-2023_2023-07-20T10h33m52<\/a><a href=\"http:\/\/www.accs.pt\/accs\/wp-content\/uploads\/2023\/07\/Aditamento-1-Rampa-S.C.-Santacruzense_IC-Publicidade-2023_2023-07-20T10h33m52.pdf\" class=\"wp-block-file__button wp-element-button\" download aria-describedby=\"wp-block-file--media-7b5f689f-327e-4d50-85bf-206e73298522\">Descarregar<\/a><\/div>\n","protected":false},"excerpt":{"rendered":"<div class=\"slide-text-bg2\">\n<h3>Tempos Online https:\/\/vola-publish.com\/amak\/race\/santo-da-serra&#8212;santa-cruz-rampa-regional-scsantacruzense&#8212;ic-publicidade_29300.html Regulamento da prova: Programa: Encerramento de Estradas: Informa\u00e7\u00f5es Adicionais e Pagamentos: Ficha de Acredita\u00e7\u00e3o para a Imprensa:<\/h3>\n<\/div>\n<div class=\"flex-btn-div\"><a href=\"https:\/\/www.accs.pt\/accs\/rampa-sporting-club-santacruzense-ic-publicidade\/\" class=\"btn1 flex-btn\">Ler mais<\/a><\/div>\n","protected":false},"author":1,"featured_media":1384,"parent":0,"menu_order":0,"comment_status":"closed","ping_status":"closed","template":"","meta":{"footnotes":""},"class_list":["post-1383","page","type-page","status-publish","has-post-thumbnail","hentry"],"_links":{"self":[{"href":"https:\/\/www.accs.pt\/accs\/wp-json\/wp\/v2\/pages\/1383","targetHints":{"allow":["GET"]}}],"collection":[{"href":"https:\/\/www.accs.pt\/accs\/wp-json\/wp\/v2\/pages"}],"about":[{"href":"https:\/\/www.accs.pt\/accs\/wp-json\/wp\/v2\/types\/page"}],"author":[{"embeddable":true,"href":"https:\/\/www.accs.pt\/accs\/wp-json\/wp\/v2\/users\/1"}],"replies":[{"embeddable":true,"href":"https:\/\/www.accs.pt\/accs\/wp-json\/wp\/v2\/comments?post=1383"}],"version-history":[{"count":6,"href":"https:\/\/www.accs.pt\/accs\/wp-json\/wp\/v2\/pages\/1383\/revisions"}],"predecessor-version":[{"id":1404,"href":"https:\/\/www.accs.pt\/accs\/wp-json\/wp\/v2\/pages\/1383\/revisions\/1404"}],"wp:featuredmedia":[{"embeddable":true,"href":"https:\/\/www.accs.pt\/accs\/wp-json\/wp\/v2\/media\/1384"}],"wp:attachment":[{"href":"https:\/\/www.accs.pt\/accs\/wp-json\/wp\/v2\/media?parent=1383"}],"curies":[{"name":"wp","href":"https:\/\/api.w.org\/{rel}","templated":true}]}}