{"id":1025,"date":"2021-09-21T20:22:04","date_gmt":"2021-09-21T20:22:04","guid":{"rendered":"http:\/\/www.accs.pt\/accs\/?page_id=1025"},"modified":"2021-09-21T20:59:21","modified_gmt":"2021-09-21T20:59:21","slug":"rampa-da-camacha-2021","status":"publish","type":"page","link":"https:\/\/www.accs.pt\/accs\/rampa-da-camacha-2021\/","title":{"rendered":"Rampa da Camacha 2021"},"content":{"rendered":"\n<figure class=\"wp-block-image size-large\"><img loading=\"lazy\" decoding=\"async\" width=\"1024\" height=\"576\" src=\"http:\/\/www.accs.pt\/accs\/wp-content\/uploads\/2021\/09\/rampa_camacha-1024x576.jpeg\" alt=\"\" class=\"wp-image-1026\" srcset=\"https:\/\/www.accs.pt\/accs\/wp-content\/uploads\/2021\/09\/rampa_camacha-1024x576.jpeg 1024w, https:\/\/www.accs.pt\/accs\/wp-content\/uploads\/2021\/09\/rampa_camacha-300x169.jpeg 300w, https:\/\/www.accs.pt\/accs\/wp-content\/uploads\/2021\/09\/rampa_camacha-768x432.jpeg 768w, https:\/\/www.accs.pt\/accs\/wp-content\/uploads\/2021\/09\/rampa_camacha-1536x864.jpeg 1536w, https:\/\/www.accs.pt\/accs\/wp-content\/uploads\/2021\/09\/rampa_camacha.jpeg 1920w\" sizes=\"auto, (max-width: 1024px) 100vw, 1024px\" \/><\/figure>\n\n\n\n<div data-wp-interactive=\"core\/file\" class=\"wp-block-file\"><object data-wp-bind--hidden=\"!state.hasPdfPreview\" hidden class=\"wp-block-file__embed\" data=\"http:\/\/www.accs.pt\/accs\/wp-content\/uploads\/2021\/09\/RampaRegionalCamacha2021-RegAprovado.pdf\" type=\"application\/pdf\" style=\"width:100%;height:600px\" aria-label=\"Incorpora\u00e7\u00e3o de Incorpora\u00e7\u00e3o de Rampa da Camacha 2021 - Regulamento Aprovado..\"><\/object><a href=\"http:\/\/www.accs.pt\/accs\/wp-content\/uploads\/2021\/09\/RampaRegionalCamacha2021-RegAprovado.pdf\">Rampa da Camacha 2021 &#8211; Regulamento Aprovado<\/a><a href=\"http:\/\/www.accs.pt\/accs\/wp-content\/uploads\/2021\/09\/RampaRegionalCamacha2021-RegAprovado.pdf\" class=\"wp-block-file__button\" download>Descarregar<\/a><\/div>\n\n\n\n<div data-wp-interactive=\"core\/file\" class=\"wp-block-file\"><object data-wp-bind--hidden=\"!state.hasPdfPreview\" hidden class=\"wp-block-file__embed\" data=\"http:\/\/www.accs.pt\/accs\/wp-content\/uploads\/2021\/09\/RC2021-Informacoes-Adicionais-e-Pagamento.pdf\" type=\"application\/pdf\" style=\"width:100%;height:600px\" aria-label=\"Incorpora\u00e7\u00e3o de Incorpora\u00e7\u00e3o de Rampa da Camacha 2021 - Informacoes-Adicionais-e-Pagamento..\"><\/object><a href=\"http:\/\/www.accs.pt\/accs\/wp-content\/uploads\/2021\/09\/RC2021-Informacoes-Adicionais-e-Pagamento.pdf\">Rampa da Camacha 2021 &#8211; Informacoes-Adicionais-e-Pagamento<\/a><a href=\"http:\/\/www.accs.pt\/accs\/wp-content\/uploads\/2021\/09\/RC2021-Informacoes-Adicionais-e-Pagamento.pdf\" class=\"wp-block-file__button\" download>Descarregar<\/a><\/div>\n\n\n\n<div data-wp-interactive=\"core\/file\" class=\"wp-block-file\"><object data-wp-bind--hidden=\"!state.hasPdfPreview\" hidden class=\"wp-block-file__embed\" data=\"http:\/\/www.accs.pt\/accs\/wp-content\/uploads\/2021\/09\/Rampa-Camacha-Programa-2021.pdf\" type=\"application\/pdf\" style=\"width:100%;height:600px\" aria-label=\"Incorpora\u00e7\u00e3o de Incorpora\u00e7\u00e3o de Rampa Camacha 2021 - Programa..\"><\/object><a href=\"http:\/\/www.accs.pt\/accs\/wp-content\/uploads\/2021\/09\/Rampa-Camacha-Programa-2021.pdf\">Rampa Camacha 2021 &#8211; Programa<\/a><a href=\"http:\/\/www.accs.pt\/accs\/wp-content\/uploads\/2021\/09\/Rampa-Camacha-Programa-2021.pdf\" class=\"wp-block-file__button\" download>Descarregar<\/a><\/div>\n\n\n\n<div data-wp-interactive=\"core\/file\" class=\"wp-block-file\"><object data-wp-bind--hidden=\"!state.hasPdfPreview\" hidden class=\"wp-block-file__embed\" data=\"http:\/\/www.accs.pt\/accs\/wp-content\/uploads\/2021\/09\/Rampa-Camacha-Encerramento-Estradas-2021.pdf\" type=\"application\/pdf\" style=\"width:100%;height:600px\" aria-label=\"Incorpora\u00e7\u00e3o de Incorpora\u00e7\u00e3o de Rampa Camacha 2021 - Encerramento Estradas..\"><\/object><a href=\"http:\/\/www.accs.pt\/accs\/wp-content\/uploads\/2021\/09\/Rampa-Camacha-Encerramento-Estradas-2021.pdf\">Rampa Camacha 2021 &#8211; Encerramento Estradas<\/a><a href=\"http:\/\/www.accs.pt\/accs\/wp-content\/uploads\/2021\/09\/Rampa-Camacha-Encerramento-Estradas-2021.pdf\" class=\"wp-block-file__button\" download>Descarregar<\/a><\/div>\n\n\n\n<p>Lista de Inscritos:<\/p>\n\n\n\n<div data-wp-interactive=\"core\/file\" class=\"wp-block-file\"><object data-wp-bind--hidden=\"!state.hasPdfPreview\" hidden class=\"wp-block-file__embed\" data=\"http:\/\/www.accs.pt\/accs\/wp-content\/uploads\/2021\/09\/Lista-Inscritos-Rampa-Camacha-2021.pdf\" type=\"application\/pdf\" style=\"width:100%;height:600px\" aria-label=\"Incorpora\u00e7\u00e3o de Incorpora\u00e7\u00e3o de Rampa Camacha 2021 - &lt;a href=&quot;http:\/\/www.accs.pt\/accs\/wp-content\/uploads\/2021\/09\/Lista-Inscritos-Rampa-Camacha-2021.pdf&quot;&gt;Lista-Inscritos&lt;\/a&gt;..\"><\/object><a href=\"http:\/\/www.accs.pt\/accs\/wp-content\/uploads\/2021\/09\/Lista-Inscritos-Rampa-Camacha-2021.pdf\">Rampa Camacha 2021 &#8211; <a href=\"http:\/\/www.accs.pt\/accs\/wp-content\/uploads\/2021\/09\/Lista-Inscritos-Rampa-Camacha-2021.pdf\">Lista-Inscritos<\/a><\/a><a href=\"http:\/\/www.accs.pt\/accs\/wp-content\/uploads\/2021\/09\/Lista-Inscritos-Rampa-Camacha-2021.pdf\" class=\"wp-block-file__button\" download>Descarregar<\/a><\/div>\n","protected":false},"excerpt":{"rendered":"<div class=\"slide-text-bg2\">\n<h3>Lista de Inscritos:<\/h3>\n<\/div>\n<div class=\"flex-btn-div\"><a href=\"https:\/\/www.accs.pt\/accs\/rampa-da-camacha-2021\/\" class=\"btn1 flex-btn\">Ler mais<\/a><\/div>\n","protected":false},"author":1,"featured_media":0,"parent":0,"menu_order":0,"comment_status":"closed","ping_status":"closed","template":"","meta":{"footnotes":""},"class_list":["post-1025","page","type-page","status-publish","hentry"],"_links":{"self":[{"href":"https:\/\/www.accs.pt\/accs\/wp-json\/wp\/v2\/pages\/1025","targetHints":{"allow":["GET"]}}],"collection":[{"href":"https:\/\/www.accs.pt\/accs\/wp-json\/wp\/v2\/pages"}],"about":[{"href":"https:\/\/www.accs.pt\/accs\/wp-json\/wp\/v2\/types\/page"}],"author":[{"embeddable":true,"href":"https:\/\/www.accs.pt\/accs\/wp-json\/wp\/v2\/users\/1"}],"replies":[{"embeddable":true,"href":"https:\/\/www.accs.pt\/accs\/wp-json\/wp\/v2\/comments?post=1025"}],"version-history":[{"count":3,"href":"https:\/\/www.accs.pt\/accs\/wp-json\/wp\/v2\/pages\/1025\/revisions"}],"predecessor-version":[{"id":1039,"href":"https:\/\/www.accs.pt\/accs\/wp-json\/wp\/v2\/pages\/1025\/revisions\/1039"}],"wp:attachment":[{"href":"https:\/\/www.accs.pt\/accs\/wp-json\/wp\/v2\/media?parent=1025"}],"curies":[{"name":"wp","href":"https:\/\/api.w.org\/{rel}","templated":true}]}}