{"id":1005,"date":"2021-07-20T13:45:27","date_gmt":"2021-07-20T13:45:27","guid":{"rendered":"http:\/\/www.accs.pt\/accs\/?page_id=1005"},"modified":"2021-07-23T13:14:34","modified_gmt":"2021-07-23T13:14:34","slug":"rampa-sporting-club-santacruzense-ic-publicidade-2021","status":"publish","type":"page","link":"https:\/\/www.accs.pt\/accs\/rampa-sporting-club-santacruzense-ic-publicidade-2021\/","title":{"rendered":"Rampa Sporting Club Santacruzense &#8211; IC Publicidade 2021"},"content":{"rendered":"\n<figure class=\"wp-block-image size-large\"><img loading=\"lazy\" decoding=\"async\" width=\"819\" height=\"1024\" src=\"http:\/\/www.accs.pt\/accs\/wp-content\/uploads\/2021\/07\/WhatsApp-Image-2021-07-09-at-11.34.33-819x1024.jpeg\" alt=\"\" class=\"wp-image-1006\" srcset=\"https:\/\/www.accs.pt\/accs\/wp-content\/uploads\/2021\/07\/WhatsApp-Image-2021-07-09-at-11.34.33-819x1024.jpeg 819w, https:\/\/www.accs.pt\/accs\/wp-content\/uploads\/2021\/07\/WhatsApp-Image-2021-07-09-at-11.34.33-240x300.jpeg 240w, https:\/\/www.accs.pt\/accs\/wp-content\/uploads\/2021\/07\/WhatsApp-Image-2021-07-09-at-11.34.33-768x960.jpeg 768w, https:\/\/www.accs.pt\/accs\/wp-content\/uploads\/2021\/07\/WhatsApp-Image-2021-07-09-at-11.34.33-1229x1536.jpeg 1229w, https:\/\/www.accs.pt\/accs\/wp-content\/uploads\/2021\/07\/WhatsApp-Image-2021-07-09-at-11.34.33.jpeg 1536w\" sizes=\"auto, (max-width: 819px) 100vw, 819px\" \/><\/figure>\n\n\n\n<p><\/p>\n\n\n\n<figure class=\"wp-block-image size-large\"><img loading=\"lazy\" decoding=\"async\" width=\"1024\" height=\"1024\" src=\"http:\/\/www.accs.pt\/accs\/wp-content\/uploads\/2021\/07\/programa-1024x1024.jpeg\" alt=\"\" class=\"wp-image-1010\" srcset=\"https:\/\/www.accs.pt\/accs\/wp-content\/uploads\/2021\/07\/programa-1024x1024.jpeg 1024w, https:\/\/www.accs.pt\/accs\/wp-content\/uploads\/2021\/07\/programa-300x300.jpeg 300w, https:\/\/www.accs.pt\/accs\/wp-content\/uploads\/2021\/07\/programa-150x150.jpeg 150w, https:\/\/www.accs.pt\/accs\/wp-content\/uploads\/2021\/07\/programa-768x768.jpeg 768w, https:\/\/www.accs.pt\/accs\/wp-content\/uploads\/2021\/07\/programa.jpeg 1200w\" sizes=\"auto, (max-width: 1024px) 100vw, 1024px\" \/><\/figure>\n\n\n\n<figure class=\"wp-block-image size-large is-resized\"><img loading=\"lazy\" decoding=\"async\" src=\"http:\/\/www.accs.pt\/accs\/wp-content\/uploads\/2021\/07\/encerramento-de-estradas-1024x1024.jpeg\" alt=\"\" class=\"wp-image-1011\" width=\"840\" height=\"840\" srcset=\"https:\/\/www.accs.pt\/accs\/wp-content\/uploads\/2021\/07\/encerramento-de-estradas-1024x1024.jpeg 1024w, https:\/\/www.accs.pt\/accs\/wp-content\/uploads\/2021\/07\/encerramento-de-estradas-300x300.jpeg 300w, https:\/\/www.accs.pt\/accs\/wp-content\/uploads\/2021\/07\/encerramento-de-estradas-150x150.jpeg 150w, https:\/\/www.accs.pt\/accs\/wp-content\/uploads\/2021\/07\/encerramento-de-estradas-768x768.jpeg 768w, https:\/\/www.accs.pt\/accs\/wp-content\/uploads\/2021\/07\/encerramento-de-estradas.jpeg 1200w\" sizes=\"auto, (max-width: 840px) 100vw, 840px\" \/><\/figure>\n\n\n\n<p><\/p>\n\n\n\n<p>Documenta\u00e7\u00e3o da Prova:<\/p>\n\n\n\n<p class=\"has-text-align-center\"><a href=\"https:\/\/portal.fpak.pt\/pub\/doc\/1114\/148882\" data-type=\"URL\" data-id=\"https:\/\/portal.fpak.pt\/pub\/doc\/1114\/148882\">Regulamento da Prova<\/a><\/p>\n\n\n\n<p class=\"has-text-align-center\"><a href=\"https:\/\/portal.fpak.pt\/pub\/doc\/1114\/149269\">Programa da Prova <\/a><\/p>\n\n\n\n<p class=\"has-text-align-center\"><a href=\"https:\/\/portal.fpak.pt\/pub\/doc\/1114\/150986\" data-type=\"URL\" data-id=\"https:\/\/portal.fpak.pt\/pub\/doc\/1114\/150986\">Lista de Inscritos<\/a><\/p>\n\n\n\n<p class=\"has-text-align-center\"><a href=\"https:\/\/www.fpak.pt\/calendario\/2021-07-23-rampa-regional-s-c-santacruzense-i-c-publicidade\" data-type=\"URL\" data-id=\"https:\/\/www.fpak.pt\/calendario\/2021-07-23-rampa-regional-s-c-santacruzense-i-c-publicidade\">Site da FPAK com Documenta\u00e7\u00e3o Oficial<\/a><\/p>\n\n\n\n<div class=\"wp-block-file\"><a href=\"http:\/\/www.accs.pt\/accs\/wp-content\/uploads\/2021\/07\/Reg-Rampa-SC-Santacruzense-2021.pdf\">Regulamento Rampa SC Santacruzense-2021<\/a><a href=\"http:\/\/www.accs.pt\/accs\/wp-content\/uploads\/2021\/07\/Reg-Rampa-SC-Santacruzense-2021.pdf\" class=\"wp-block-file__button\" download>Descarregar<\/a><\/div>\n\n\n\n<div class=\"wp-block-file\"><a href=\"http:\/\/www.accs.pt\/accs\/wp-content\/uploads\/2021\/07\/Rampa-SCS-Programa-2021-010721.pdf\">Rampa-SCS-Programa-2021<\/a><a href=\"http:\/\/www.accs.pt\/accs\/wp-content\/uploads\/2021\/07\/Rampa-SCS-Programa-2021-010721.pdf\" class=\"wp-block-file__button\" download>Descarregar<\/a><\/div>\n\n\n\n<div class=\"wp-block-file\"><a href=\"http:\/\/www.accs.pt\/accs\/wp-content\/uploads\/2021\/07\/Rampa-SCS-Encerramento-Estradas-2021-010721.pdf\">Rampa SCS Encerramento Estradas 2021<\/a><a href=\"http:\/\/www.accs.pt\/accs\/wp-content\/uploads\/2021\/07\/Rampa-SCS-Encerramento-Estradas-2021-010721.pdf\" class=\"wp-block-file__button\" download>Descarregar<\/a><\/div>\n\n\n\n<div class=\"wp-block-file\"><a href=\"http:\/\/www.accs.pt\/accs\/wp-content\/uploads\/2021\/07\/LISTA-INSCRITOS-RampaSCS-2021_2021-07-20T10h24m18.pdf\">Rampa SC Santacruzense 2021 &#8211; Lista de Inscritos<\/a><a href=\"http:\/\/www.accs.pt\/accs\/wp-content\/uploads\/2021\/07\/LISTA-INSCRITOS-RampaSCS-2021_2021-07-20T10h24m18.pdf\" class=\"wp-block-file__button\" download>Descarregar<\/a><\/div>\n","protected":false},"excerpt":{"rendered":"<div class=\"slide-text-bg2\">\n<h3>Documenta\u00e7\u00e3o da Prova: Regulamento da Prova Programa da Prova Lista de Inscritos Site da FPAK com Documenta\u00e7\u00e3o Oficial<\/h3>\n<\/div>\n<div class=\"flex-btn-div\"><a href=\"https:\/\/www.accs.pt\/accs\/rampa-sporting-club-santacruzense-ic-publicidade-2021\/\" class=\"btn1 flex-btn\">Ler mais<\/a><\/div>\n","protected":false},"author":1,"featured_media":1006,"parent":0,"menu_order":0,"comment_status":"closed","ping_status":"closed","template":"","meta":{"footnotes":""},"class_list":["post-1005","page","type-page","status-publish","has-post-thumbnail","hentry"],"_links":{"self":[{"href":"https:\/\/www.accs.pt\/accs\/wp-json\/wp\/v2\/pages\/1005","targetHints":{"allow":["GET"]}}],"collection":[{"href":"https:\/\/www.accs.pt\/accs\/wp-json\/wp\/v2\/pages"}],"about":[{"href":"https:\/\/www.accs.pt\/accs\/wp-json\/wp\/v2\/types\/page"}],"author":[{"embeddable":true,"href":"https:\/\/www.accs.pt\/accs\/wp-json\/wp\/v2\/users\/1"}],"replies":[{"embeddable":true,"href":"https:\/\/www.accs.pt\/accs\/wp-json\/wp\/v2\/comments?post=1005"}],"version-history":[{"count":5,"href":"https:\/\/www.accs.pt\/accs\/wp-json\/wp\/v2\/pages\/1005\/revisions"}],"predecessor-version":[{"id":1023,"href":"https:\/\/www.accs.pt\/accs\/wp-json\/wp\/v2\/pages\/1005\/revisions\/1023"}],"wp:featuredmedia":[{"embeddable":true,"href":"https:\/\/www.accs.pt\/accs\/wp-json\/wp\/v2\/media\/1006"}],"wp:attachment":[{"href":"https:\/\/www.accs.pt\/accs\/wp-json\/wp\/v2\/media?parent=1005"}],"curies":[{"name":"wp","href":"https:\/\/api.w.org\/{rel}","templated":true}]}}